000
CDUS45 KSLC 190026
CLIEVW


CLIMATE REPORT
NATIONAL WEATHER SERVICE SALT LAKE CITY UT
625 PM MDT WED APR 18 2018


...................................

...THE EVANSTON WY CLIMATE SUMMARY FOR APRIL 18 2018...
VALID TODAY AS OF 0500 PM LOCAL TIME.

CLIMATE NORMAL PERIOD 1981 TO 2010
CLIMATE RECORD PERIOD 9999 TO 9999


WEATHER ITEM   OBSERVED TIME   RECORD YEAR NORMAL DEPARTURE LAST
                VALUE   (LST)  VALUE       VALUE  FROM      YEAR
                                                  NORMAL
..................................................................
TEMPERATURE (F)
 TODAY
  MAXIMUM         51    326 PM  MM      MM  50      1       56
  MINIMUM         19    621 AM  MM      MM  29    -10       32
  AVERAGE         35                        40     -5       44

PRECIPITATION (IN)
  TODAY            0.00         MM      MM   0.03  -0.03     0.31
  MONTH TO DATE    T                         0.65  -0.65     0.31
  SINCE OCT 1      2.18                      5.45  -3.27     4.92
  SINCE JAN 1      0.64                      2.66  -2.02     3.34

DEGREE DAYS
 HEATING
  TODAY           30                        25      5       21
  MONTH TO DATE  477                       493    -16      442
  SINCE MAR 1   1426                      1553   -127     1300
  SINCE JUL 1   6592                      7561   -969     6877

 COOLING
  TODAY            0                         0      0        0
  MONTH TO DATE    0                         0      0        0
  SINCE MAR 1      0                         0      0        0
  SINCE JAN 1      0                         0      0        0
..................................................................


WIND (MPH)
  RESULTANT WIND SPEED   2   RESULTANT WIND DIRECTION   S (160)
  HIGHEST WIND SPEED    12   HIGHEST WIND DIRECTION    SW (210)
  HIGHEST GUST SPEED    17   HIGHEST GUST DIRECTION     S (170)
  AVERAGE WIND SPEED     4.1


SKY COVER
  POSSIBLE SUNSHINE  MM
  AVERAGE SKY COVER 0.0


WEATHER CONDITIONS
 THE FOLLOWING WEATHER WAS RECORDED TODAY.
  NO SIGNIFICANT WEATHER WAS OBSERVED.


RELATIVE HUMIDITY (PERCENT)
 HIGHEST    68           100 AM
 LOWEST     20           400 PM
 AVERAGE    44

..........................................................


THE EVANSTON WY CLIMATE NORMALS FOR TOMORROW
                         NORMAL    RECORD    YEAR
 MAXIMUM TEMPERATURE (F)   51        MM        MM
 MINIMUM TEMPERATURE (F)   30        MM        MM


SUNRISE AND SUNSET
APRIL 18 2018.........SUNRISE   640 AM MDT   SUNSET   808 PM MDT
APRIL 19 2018.........SUNRISE   638 AM MDT   SUNSET   809 PM MDT


-  INDICATES NEGATIVE NUMBERS.
R  INDICATES RECORD WAS SET OR TIED.
MM INDICATES DATA IS MISSING.
T  INDICATES TRACE AMOUNT.




$$
