000
CDUS43 KIND 220536
CLIEYE


CLIMATE REPORT
NATIONAL WEATHER SERVICE INDIANAPOLIS IN
136 AM EDT SUN APR 22 2018


...................................

...THE INDIANAPOLIS EAGLE CREEK IN CLIMATE SUMMARY FOR APRIL 21 2018...

CLIMATE NORMAL PERIOD 1981 TO 2010
CLIMATE RECORD PERIOD 9999 TO 9999


WEATHER ITEM   OBSERVED TIME   NORMAL DEPARTURE LAST
                VALUE   (LST)  VALUE  FROM      YEAR
                                      NORMAL
......................................................
TEMPERATURE (F)
 YESTERDAY
  MAXIMUM         61    428 PM  65     -4       59
  MINIMUM         37    403 AM  45     -8       46
  AVERAGE         49            55     -6       53

PRECIPITATION (IN)
  YESTERDAY        0.00          0.12  -0.12      T
  MONTH TO DATE    3.58          2.46   1.12     1.47
  SINCE MAR 1      6.98          5.76   1.22     5.92
  SINCE JAN 1     12.99         10.10   2.89    11.08

DEGREE DAYS
 HEATING
  YESTERDAY       16            11      5       12
  MONTH TO DATE  429           288    141      156
  SINCE MAR 1   1226           988    238      804
  SINCE JUL 1   5110          5113     -3     4064

 COOLING
  YESTERDAY        0             1     -1        0
  MONTH TO DATE    7            11     -4       22
  SINCE MAR 1      7            12     -5       24
  SINCE JAN 1     13            12      1       24
......................................................


WIND (MPH)
  HIGHEST WIND SPEED    15   HIGHEST WIND DIRECTION     E (110)
  HIGHEST GUST SPEED    18   HIGHEST GUST DIRECTION     E (110)
  AVERAGE WIND SPEED     7.4


SKY COVER
  AVERAGE SKY COVER 0.0


WEATHER CONDITIONS
 THE FOLLOWING WEATHER WAS RECORDED YESTERDAY.
  NO SIGNIFICANT WEATHER WAS OBSERVED.


RELATIVE HUMIDITY (PERCENT)
 HIGHEST    57           100 AM
 LOWEST     22           500 PM
 AVERAGE    40

..........................................................


THE INDIANAPOLIS EAGLE CREEK IN CLIMATE NORMALS FOR TODAY
                         NORMAL
 MAXIMUM TEMPERATURE (F)   65
 MINIMUM TEMPERATURE (F)   46


SUNRISE AND SUNSET
APRIL 22 2018.........SUNRISE   657 AM EDT   SUNSET   831 PM EDT
APRIL 23 2018.........SUNRISE   656 AM EDT   SUNSET   832 PM EDT


-  INDICATES NEGATIVE NUMBERS.
R  INDICATES RECORD WAS SET OR TIED.
MM INDICATES DATA IS MISSING.
T  INDICATES TRACE AMOUNT.




$$
