000
CDUS42 KKEY 220532
CLIEYW


CLIMATE REPORT
NATIONAL WEATHER SERVICE KEY WEST, FL
129 AM EDT SUN APR 22 2018


...................................

...THE KEY WEST CLIMATE SUMMARY FOR APRIL 21 2018...

CLIMATE NORMAL PERIOD 1981 TO 2010
CLIMATE RECORD PERIOD 1871 TO 2018


WEATHER ITEM   OBSERVED TIME   RECORD YEAR NORMAL DEPARTURE LAST
                VALUE   (LST)  VALUE       VALUE  FROM      YEAR
                                                  NORMAL
..................................................................
TEMPERATURE (F)
 YESTERDAY
  MAXIMUM         84    135 PM  89    1884  82      2       78
  MINIMUM         72    556 AM  63    1987  72      0       72
  AVERAGE         78                        77      1       75

PRECIPITATION (IN)
  YESTERDAY        0.00          1.99 2012   0.08  -0.08     0.02
  MONTH TO DATE    0.17                      1.49  -1.32     2.59
  SINCE MAR 1      2.29                      3.54  -1.25     3.52
  SINCE JAN 1      3.53                      7.07  -3.54     6.57

SNOWFALL (IN)
  YESTERDAY        0.0
  MONTH TO DATE    0.0
  SINCE MAR 1      0.0
  SINCE JUL 1      0.0
  SNOW DEPTH       0

DEGREE DAYS
 HEATING
  YESTERDAY        0                         0      0        0
  MONTH TO DATE    0                         0      0        0
  SINCE MAR 1      2                         7     -5        0
  SINCE JUL 1     44                        73    -29        5

 COOLING
  YESTERDAY       13                        12      1       10
  MONTH TO DATE  277                       229     48      260
  SINCE MAR 1    509                       491     18      566
  SINCE JAN 1    962                       839    123     1106
..................................................................


WIND (MPH)
  HIGHEST WIND SPEED    16   HIGHEST WIND DIRECTION     E (90)
  HIGHEST GUST SPEED    22   HIGHEST GUST DIRECTION    SE (130)
  AVERAGE WIND SPEED     9.0


SKY COVER
  POSSIBLE SUNSHINE  MM
  AVERAGE SKY COVER 0.0


WEATHER CONDITIONS
 THE FOLLOWING WEATHER WAS RECORDED YESTERDAY.
  NO SIGNIFICANT WEATHER WAS OBSERVED.


RELATIVE HUMIDITY (PERCENT)
 HIGHEST    90
 LOWEST     63
 AVERAGE    77

..........................................................


THE KEY WEST CLIMATE NORMALS FOR TODAY
                         NORMAL    RECORD    YEAR
 MAXIMUM TEMPERATURE (F)   82        88      1937
                                             1908
                                             1882
 MINIMUM TEMPERATURE (F)   72        62      1940


SUNRISE AND SUNSET
APRIL 22 2018.........SUNRISE   659 AM EDT   SUNSET   752 PM EDT
APRIL 23 2018.........SUNRISE   658 AM EDT   SUNSET   753 PM EDT


-  INDICATES NEGATIVE NUMBERS.
R  INDICATES RECORD WAS SET OR TIED.
MM INDICATES DATA IS MISSING.
T  INDICATES TRACE AMOUNT.




$$

BS
