000
CDAK49 PAFG 220038
CLIFAI

CLIMATE REPORT
NATIONAL WEATHER SERVICE FAIRBANKS AK
438 PM AKDT MON MAY 21 2018

...................................

...THE FAIRBANKS AK CLIMATE SUMMARY FOR MAY 21 2018...
VALID TODAY AS OF 0400 PM LOCAL TIME.

CLIMATE NORMAL PERIOD 1981 TO 2010
CLIMATE RECORD PERIOD 1904 TO 2018


WEATHER ITEM   OBSERVED TIME   RECORD YEAR NORMAL DEPARTURE LAST
                VALUE   (LST)  VALUE       VALUE  FROM      YEAR
                                                  NORMAL
..................................................................
TEMPERATURE (F)
 TODAY
  MAXIMUM         65    148 PM  82    2002  63      2       65
  MINIMUM         48    646 AM  25    1964  40      8       35
  AVERAGE         57                        52      5       50

PRECIPITATION (IN)
  TODAY            0.30          0.38 1982   0.02   0.28      T
  MONTH TO DATE    0.61                      0.37   0.24     0.21
  SINCE MAR 1      1.34                      0.93   0.41     0.47
  SINCE JAN 1      4.00                      1.93   2.07     2.67

SNOWFALL (IN)
  TODAY            0.0           T    1950   0.0    0.0      0.0
  MONTH TO DATE    0.7                       0.8   -0.1      0.0
  SINCE MAR 1     11.4                       8.6    2.8      4.7
  SINCE JUL 1     85.7                      64.9   20.8     83.7
  SNOW DEPTH       0

DEGREE DAYS
 HEATING
  TODAY            8                        14     -6       15
  MONTH TO DATE  363                       371     -8      307
  SINCE MAR 1   2891                      3005   -114     3266
  SINCE JUL 1  12116                     13395  -1279    13396

 COOLING
  TODAY            0                         0      0        0
  MONTH TO DATE    0                         0      0        0
  SINCE MAR 1      0                         0      0        0
  SINCE JAN 1      0                         0      0        0
..................................................................


WIND (MPH)
  HIGHEST GUST SPEED    18   HIGHEST GUST DIRECTION    NW (310)


SKY COVER
  AVERAGE SKY COVER 0.8


WEATHER CONDITIONS
 THE FOLLOWING WEATHER WAS RECORDED TODAY.
  RAIN
  LIGHT RAIN
  FOG


RELATIVE HUMIDITY (PERCENT)
 HIGHEST    96
 LOWEST     40
 AVERAGE    68

..........................................................


THE FAIRBANKS AK CLIMATE NORMALS FOR TOMORROW
                         NORMAL    RECORD    YEAR
 MAXIMUM TEMPERATURE (F)   64        84      1963
 MINIMUM TEMPERATURE (F)   40        26      1933


SUNRISE AND SUNSET
MAY 21 2018...........SUNRISE   408 AM AKDT  SUNSET  1131 PM AKDT
MAY 22 2018...........SUNRISE   404 AM AKDT  SUNSET  1135 PM AKDT


-  INDICATES NEGATIVE NUMBERS.
R  INDICATES RECORD WAS SET OR TIED.
MM INDICATES DATA IS MISSING.
T  INDICATES TRACE AMOUNT.

&&

SNOW DEPTH IS MEASURED AT 3AM AKST/4AM AKDT

----------------------------
AVAILABLE DAYLIGHT

AMOUNT OF DAYLIGHT TODAY  (HOUR:MIN)........19:31
GAIN SINCE YESTERDAY........................7 MINUTES
----------------------------

$$
HFL MAY 18
