000
CDUS46 KHNX 220824
CLIFAT


CLIMATE REPORT
NATIONAL WEATHER SERVICE SAN JOAQUIN VALLEY, CA
123 AM PDT SUN APR 22 2018


...................................

...THE FRESNO CA CLIMATE SUMMARY FOR APRIL 21 2018...

CLIMATE NORMAL PERIOD 1981 TO 2010
CLIMATE RECORD PERIOD 1887 TO 2018


WEATHER ITEM   OBSERVED TIME   RECORD YEAR NORMAL DEPARTURE
                VALUE   (LST)  VALUE       VALUE  FROM
                                                  NORMAL
...............................................................
TEMPERATURE (F)
 YESTERDAY
  MAXIMUM         85    300 PM  98    2009  76      9
  MINIMUM         54    553 AM  36    1968  50      4
  AVERAGE         70                        63      7

PRECIPITATION (IN)
  YESTERDAY        0.00          0.32 2010   0.03  -0.03
  MONTH TO DATE    0.64                      0.71  -0.07
  SINCE OCT 1      6.73                     10.43  -3.70
  SINCE JAN 1      6.32                      6.96  -0.64

SNOWFALL (IN)
  YESTERDAY        0.0
  MONTH TO DATE    0.0
  SINCE MAR 1      0.0
  SINCE JUL 1      0.0
  SNOW DEPTH       0

DEGREE DAYS
 HEATING
  YESTERDAY        0                               -4
  MONTH TO DATE   62                              -51
  SINCE MAR 1    320                              -58
  SINCE JUL 1   1801                             -489

 COOLING
  YESTERDAY        5                                3
  MONTH TO DATE   29                                4
  SINCE MAR 1     39                                9
  SINCE JAN 1     39                                9
...............................................................


WIND (MPH)
  HIGHEST WIND SPEED    14   HIGHEST WIND DIRECTION    NW (330)
  HIGHEST GUST SPEED    19   HIGHEST GUST DIRECTION    NW (310)
  AVERAGE WIND SPEED     3.6




RELATIVE HUMIDITY (PERCENT)
 HIGHEST    83
 LOWEST     26
 AVERAGE    55

..........................................................


THE FRESNO CA CLIMATE NORMALS FOR TODAY
                         NORMAL    RECORD    YEAR
 MAXIMUM TEMPERATURE (F)   77        96      2012
                                             2009
 MINIMUM TEMPERATURE (F)   51        33      1968


SUNRISE AND SUNSET
APRIL 22 2018.........SUNRISE   616 AM PDT   SUNSET   740 PM PDT
APRIL 23 2018.........SUNRISE   614 AM PDT   SUNSET   740 PM PDT


-  INDICATES NEGATIVE NUMBERS.
R  INDICATES RECORD WAS SET OR TIED.
MM INDICATES DATA IS MISSING.
T  INDICATES TRACE AMOUNT.




$$
