000
CDUS42 KRAH 242105
CLIFAY


CLIMATE REPORT
NATIONAL WEATHER SERVICE RALEIGH NC
456 PM EDT TUE APR 24 2018


...................................

...THE FAYETTEVILLE REGL AIRPORT NC CLIMATE SUMMARY FOR APRIL 24 2018...
VALID TODAY AS OF 0456 PM LOCAL TIME.

CLIMATE NORMAL PERIOD 1981 TO 2010
CLIMATE RECORD PERIOD 1910 TO 2018


WEATHER ITEM   OBSERVED TIME   RECORD YEAR NORMAL DEPARTURE LAST
                VALUE   (LST)  VALUE       VALUE  FROM      YEAR
                                                  NORMAL
..................................................................
TEMPERATURE (F)
 TODAY
  MAXIMUM         71    315 PM  95    1925  77     -6       62
  MINIMUM         59    102 AM  34    1986  52      7       57
  AVERAGE         65                        65      0       60

PRECIPITATION (IN)
  TODAY            1.06          2.74 2017   0.09   0.97     2.74
  MONTH TO DATE    2.71                      2.43   0.28     3.98
  SINCE MAR 1      5.58                      5.98  -0.40     6.66
  SINCE JAN 1     10.28                     12.04  -1.76    10.08

DEGREE DAYS
 HEATING
  TODAY            0                         3     -3        5
  MONTH TO DATE  158                       122     36       44
  SINCE MAR 1    622                       466    156      393
  SINCE JUL 1   2688                      2691     -3     2015

 COOLING
  TODAY            0                         3     -3        0
  MONTH TO DATE   31                        47    -16       99
  SINCE MAR 1     36                        59    -23      135
  SINCE JAN 1     84                        63     21      150
..................................................................


WIND (MPH)
  HIGHEST WIND SPEED    26   HIGHEST WIND DIRECTION     E (100)
  HIGHEST GUST SPEED    34   HIGHEST GUST DIRECTION     E (100)
  AVERAGE WIND SPEED    13.5


SKY COVER
  POSSIBLE SUNSHINE  MM
  AVERAGE SKY COVER 0.8


WEATHER CONDITIONS
 THE FOLLOWING WEATHER WAS RECORDED TODAY.
  THUNDERSTORM
  HEAVY RAIN
  RAIN
  LIGHT RAIN
  FOG


RELATIVE HUMIDITY (PERCENT)
 HIGHEST    93           700 AM
 LOWEST     78           300 PM
 AVERAGE    86

..........................................................


THE FAYETTEVILLE REGL AIRPORT NC CLIMATE NORMALS FOR TOMORROW
                         NORMAL    RECORD    YEAR
 MAXIMUM TEMPERATURE (F)   77        94      1925
 MINIMUM TEMPERATURE (F)   53        36      1969


SUNRISE AND SUNSET
APRIL 24 2018.........SUNRISE   632 AM EDT   SUNSET   755 PM EDT
APRIL 25 2018.........SUNRISE   631 AM EDT   SUNSET   756 PM EDT


-  INDICATES NEGATIVE NUMBERS.
R  INDICATES RECORD WAS SET OR TIED.
MM INDICATES DATA IS MISSING.
T  INDICATES TRACE AMOUNT.




$$
