000
CDUS42 KFFC 242058
CLIFFC


CLIMATE REPORT
NATIONAL WEATHER SERVICE PEACHTREE CITY GA
457 PM EDT THU MAY 24 2018


...................................

...THE PEACHTREE CITY CLIMATE SUMMARY FOR MAY 24 2018...
VALID TODAY AS OF 0400 PM LOCAL TIME.

CLIMATE NORMAL PERIOD 1981 TO 2010
CLIMATE RECORD PERIOD 9999 TO 9999


WEATHER ITEM   OBSERVED TIME   RECORD YEAR NORMAL DEPARTURE LAST
                VALUE   (LST)  VALUE       VALUE  FROM      YEAR
                                                  NORMAL
..................................................................
TEMPERATURE (F)
 TODAY
  MAXIMUM         87    237 PM  MM      MM  83      4       79
  MINIMUM         71   1254 AM  MM      MM  59     12       60
  AVERAGE         79                        71      8       70

PRECIPITATION (IN)
  TODAY            0.00         MM      MM   0.13  -0.13     0.01
  MONTH TO DATE    2.76                      2.42   0.34     4.96
  SINCE MAR 1     12.00                     11.45   0.55     9.97
  SINCE JAN 1     20.78                     20.55   0.23    20.22

SNOWFALL (IN)
  TODAY            0.0          MM      MM  MM     MM        0.0
  MONTH TO DATE    0.0                      MM     MM        0.0
  SINCE MAR 1      0.0                      MM     MM        0.0
  SINCE JUL 1      2.9                      MM     MM        0.0
  SNOW DEPTH       0

DEGREE DAYS
 HEATING
  TODAY            0                         0      0        0
  MONTH TO DATE    1                        31    -30       30
  SINCE MAR 1    541                       568    -27      401
  SINCE JUL 1   2515                      2950   -435     2040

 COOLING
  TODAY           14                         7      7        5
  MONTH TO DATE  197                       101     96      125
  SINCE MAR 1    214                       137     77      236
  SINCE JAN 1    239                       137    102      237
..................................................................


WIND (MPH)
  RESULTANT WIND SPEED   2   RESULTANT WIND DIRECTION  NE (50)
  HIGHEST WIND SPEED     9   HIGHEST WIND DIRECTION     E (90)
  HIGHEST GUST SPEED    13   HIGHEST GUST DIRECTION     E (70)
  AVERAGE WIND SPEED     2.3


SKY COVER
  POSSIBLE SUNSHINE  MM
  AVERAGE SKY COVER 0.8


WEATHER CONDITIONS
 THE FOLLOWING WEATHER WAS RECORDED TODAY.
  FOG


RELATIVE HUMIDITY (PERCENT)
 HIGHEST   100           200 AM
 LOWEST     55           200 PM
 AVERAGE    78

..........................................................


THE PEACHTREE CITY CLIMATE NORMALS FOR TOMORROW
                         NORMAL    RECORD    YEAR
 MAXIMUM TEMPERATURE (F)   83        MM        MM
 MINIMUM TEMPERATURE (F)   59        MM        MM


SUNRISE AND SUNSET
MAY 24 2018...........SUNRISE   633 AM EDT   SUNSET   838 PM EDT
MAY 25 2018...........SUNRISE   632 AM EDT   SUNSET   838 PM EDT


-  INDICATES NEGATIVE NUMBERS.
R  INDICATES RECORD WAS SET OR TIED.
MM INDICATES DATA IS MISSING.
T  INDICATES TRACE AMOUNT.




$$
