000
CDUS42 KMFL 240821
CLIFLL


CLIMATE REPORT
NATIONAL WEATHER SERVICE MIAMI, FL
421 AM EDT THU MAY 24 2018


...................................

...THE FORT LAUDERDALE CLIMATE SUMMARY FOR MAY 23 2018...

CLIMATE NORMAL PERIOD 1981 TO 2010
CLIMATE RECORD PERIOD 1912 TO 2018


WEATHER ITEM   OBSERVED TIME   RECORD YEAR NORMAL DEPARTURE LAST
                VALUE   (LST)  VALUE       VALUE  FROM      YEAR
                                                  NORMAL
..................................................................
TEMPERATURE (F)
 YESTERDAY
  MAXIMUM         85    204 PM  94    1951  87     -2       88
  MINIMUM         74    338 AM  61    1920  75     -1       78
  AVERAGE         80                        81     -1       83

PRECIPITATION (IN)
  YESTERDAY        0.14          3.47 1991   0.19  -0.05     0.00
  MONTH TO DATE   11.57                      2.89   8.68     1.46
  SINCE NOV 1     24.59                     21.43   3.16    14.87
  SINCE JAN 1     17.96                     15.73   2.23    10.24

SNOWFALL (IN)
  YESTERDAY        0.0
  MONTH TO DATE    0.0
  SINCE MAR 1      0.0
  SINCE JUL 1      0.0
  SNOW DEPTH       0

DEGREE DAYS
 HEATING
  YESTERDAY        0                         0      0        0
  MONTH TO DATE    0                         0      0        0
  SINCE MAR 1     15                        10      5        6
  SINCE JUL 1    141                       112     29       35

 COOLING
  YESTERDAY       15                        16     -1       18
  MONTH TO DATE  311                       336    -25      341
  SINCE MAR 1    865                       927    -62      971
  SINCE JAN 1   1289                      1283      6     1427
..................................................................


WIND (MPH)
  HIGHEST WIND SPEED    20   HIGHEST WIND DIRECTION     E (110)
  HIGHEST GUST SPEED    26   HIGHEST GUST DIRECTION    SE (120)
  AVERAGE WIND SPEED    12.3


SKY COVER
  AVERAGE SKY COVER 0.6


WEATHER CONDITIONS
 THE FOLLOWING WEATHER WAS RECORDED YESTERDAY.
  FOG


RELATIVE HUMIDITY (PERCENT)
 HIGHEST    91
 LOWEST     70
 AVERAGE    81

..........................................................


THE FORT LAUDERDALE CLIMATE NORMALS FOR TODAY
                         NORMAL    RECORD    YEAR
 MAXIMUM TEMPERATURE (F)   87        94      1951
 MINIMUM TEMPERATURE (F)   76        63      1956


SUNRISE AND SUNSET
MAY 24 2018...........SUNRISE   631 AM EDT   SUNSET   805 PM EDT
MAY 25 2018...........SUNRISE   630 AM EDT   SUNSET   805 PM EDT


-  INDICATES NEGATIVE NUMBERS.
R  INDICATES RECORD WAS SET OR TIED.
MM INDICATES DATA IS MISSING.
T  INDICATES TRACE AMOUNT.




$$
