415
CDUS42 KFFC 240820
CLIFTY


CLIMATE REPORT
NATIONAL WEATHER SERVICE PEACHTREE CITY GA
419 AM EDT TUE APR 24 2018


...................................

...THE FULTON COUNTY AIRPORT CLIMATE SUMMARY FOR APRIL 23 2018...

CLIMATE NORMAL PERIOD 1981 TO 2010
CLIMATE RECORD PERIOD 9999 TO 9999


WEATHER ITEM   OBSERVED TIME   RECORD YEAR NORMAL DEPARTURE LAST
                VALUE   (LST)  VALUE       VALUE  FROM      YEAR
                                                  NORMAL
..................................................................
TEMPERATURE (F)
 YESTERDAY
  MAXIMUM         69    406 PM  MM      MM  75     -6       67
  MINIMUM         58    653 AM  MM      MM  51      7       54
  AVERAGE         64                        63      1       61

PRECIPITATION (IN)
  YESTERDAY        1.89         MM      MM   0.14   1.75     0.57
  MONTH TO DATE    4.15                      2.84   1.31     5.48
  SINCE MAR 1      8.57                      7.65   0.92     8.15
  SINCE JAN 1     15.95                     16.82  -0.87    16.20

SNOWFALL (IN)
  YESTERDAY        0.0          MM      MM  MM     MM        0.0
  MONTH TO DATE    0.0                      MM     MM        0.0
  SINCE MAR 1      0.0                      MM     MM        0.0
  SINCE JUL 1      0.0                      MM     MM        0.0
  SNOW DEPTH       0

DEGREE DAYS
 HEATING
  YESTERDAY        1                         4     -3        4
  MONTH TO DATE  161                       133     28       52
  SINCE MAR 1    547                       492     55      350
  SINCE JUL 1   2665                      2832   -167     1766

 COOLING
  YESTERDAY        0                         1     -1        0
  MONTH TO DATE   11                        21    -10       65
  SINCE MAR 1     15                        27    -12       94
  SINCE JAN 1     35                        27      8       94
..................................................................


WIND (MPH)
  RESULTANT WIND SPEED   6   RESULTANT WIND DIRECTION   E (80)
  HIGHEST WIND SPEED    16   HIGHEST WIND DIRECTION    NE (60)
  HIGHEST GUST SPEED    23   HIGHEST GUST DIRECTION     E (100)
  AVERAGE WIND SPEED     7.8


SKY COVER
  AVERAGE SKY COVER 1.0


WEATHER CONDITIONS
 THE FOLLOWING WEATHER WAS RECORDED YESTERDAY.
  THUNDERSTORM
  HEAVY RAIN
  RAIN
  LIGHT RAIN
  FOG


RELATIVE HUMIDITY (PERCENT)
 HIGHEST   100           400 AM
 LOWEST     87           400 PM
 AVERAGE    94

..........................................................


THE FULTON COUNTY AIRPORT CLIMATE NORMALS FOR TODAY
                         NORMAL    RECORD    YEAR
 MAXIMUM TEMPERATURE (F)   75        MM        MM
 MINIMUM TEMPERATURE (F)   51        MM        MM


SUNRISE AND SUNSET
APRIL 24 2018.........SUNRISE   657 AM EDT   SUNSET   816 PM EDT
APRIL 25 2018.........SUNRISE   656 AM EDT   SUNSET   817 PM EDT


-  INDICATES NEGATIVE NUMBERS.
R  INDICATES RECORD WAS SET OR TIED.
MM INDICATES DATA IS MISSING.
T  INDICATES TRACE AMOUNT.




$$
