000
CDUS43 KUNR 250832
CLIGCC


CLIMATE REPORT
NATIONAL WEATHER SERVICE RAPID CITY SD
231 AM MDT WED APR 25 2018


...................................

...THE GILLETTE AIRPORT WY CLIMATE SUMMARY FOR APRIL 24 2018...

CLIMATE NORMAL PERIOD 1981 TO 2010
CLIMATE RECORD PERIOD 9999 TO 9999


WEATHER ITEM   OBSERVED TIME   NORMAL DEPARTURE LAST
                VALUE   (LST)  VALUE  FROM      YEAR
                                      NORMAL
......................................................
TEMPERATURE (F)
 YESTERDAY
  MAXIMUM         48    512 PM  59    -11       62
  MINIMUM         28   1036 PM  32     -4       35
  AVERAGE         38            45     -7       49

PRECIPITATION (IN)
  YESTERDAY        0.02          0.06  -0.04     0.17
  MONTH TO DATE    0.94          1.03  -0.09     2.01
  SINCE MAR 1      2.80          1.99   0.81     2.80
  SINCE JAN 1      4.59          2.77   1.82     3.64

DEGREE DAYS
 HEATING
  YESTERDAY       27            20      7       16
  MONTH TO DATE  629           559     70      465
  SINCE MAR 1   1533          1498     35     1170
  SINCE JUL 1   7017          6906    111     5927

 COOLING
  YESTERDAY        0             0      0        0
  MONTH TO DATE    0             0      0        0
  SINCE MAR 1      0             0      0        0
  SINCE JAN 1      0             0      0        0
......................................................


WIND (MPH)
  HIGHEST WIND SPEED    22   HIGHEST WIND DIRECTION     N (340)
  HIGHEST GUST SPEED    27   HIGHEST GUST DIRECTION     N (350)
  AVERAGE WIND SPEED     9.5


SKY COVER
  AVERAGE SKY COVER 0.6


WEATHER CONDITIONS
 THE FOLLOWING WEATHER WAS RECORDED YESTERDAY.
  LIGHT SNOW
  FOG


RELATIVE HUMIDITY (PERCENT)
 HIGHEST   100           400 AM
 LOWEST     39           500 PM
 AVERAGE    70

..........................................................




SUNRISE AND SUNSET
APRIL 25 2018.........SUNRISE   602 AM MDT   SUNSET   759 PM MDT
APRIL 26 2018.........SUNRISE   600 AM MDT   SUNSET   800 PM MDT


-  INDICATES NEGATIVE NUMBERS.
R  INDICATES RECORD WAS SET OR TIED.
MM INDICATES DATA IS MISSING.
T  INDICATES TRACE AMOUNT.




$$
