000
CDUS43 KDDC 240716
CLIGCK


CLIMATE REPORT
NATIONAL WEATHER SERVICE DODGE CITY KS
215 AM CDT TUE APR 24 2018


...................................

...THE GARDEN CITY REGIONAL ARPT KS CLIMATE SUMMARY FOR APRIL 23 2018...

CLIMATE NORMAL PERIOD 1981 TO 2010
CLIMATE RECORD PERIOD 1948 TO 2018


WEATHER ITEM   OBSERVED TIME   RECORD YEAR NORMAL DEPARTURE LAST
                VALUE   (LST)  VALUE       VALUE  FROM      YEAR
                                                  NORMAL
..................................................................
TEMPERATURE (F)
 YESTERDAY
  MAXIMUM         69    528 PM  96    1989  70     -1       70
  MINIMUM         33    402 AM  24    2013  41     -8       30
  AVERAGE         51                        56     -5       50

PRECIPITATION (IN)
  YESTERDAY        0.00          0.78 2004   0.06  -0.06     0.00
  MONTH TO DATE    0.18                      1.25  -1.07     1.49
  SINCE MAR 1      0.56                      2.71  -2.15     3.99
  SINCE JAN 1      0.56                      3.59  -3.03     5.28

DEGREE DAYS
 HEATING
  YESTERDAY       14                        10      4
  MONTH TO DATE  431                       312    119
  SINCE MAR 1   1009                       976     33
  SINCE JUL 1   4893                      5000   -107

 COOLING
  YESTERDAY        0                         1     -1
  MONTH TO DATE    1                         4     -3
  SINCE MAR 1      5                         4      1
  SINCE JAN 1      5                         4      1
..................................................................


WIND (MPH)
  HIGHEST WIND SPEED    16   HIGHEST WIND DIRECTION    SE (140)
  HIGHEST GUST SPEED    23   HIGHEST GUST DIRECTION    SE (150)
  AVERAGE WIND SPEED     6.6



WEATHER CONDITIONS
 THE FOLLOWING WEATHER WAS RECORDED YESTERDAY.
  FOG
  HAZE


RELATIVE HUMIDITY (PERCENT)
 HIGHEST    92           700 AM
 LOWEST     35           400 PM
 AVERAGE    64

..........................................................


THE GARDEN CITY REGIONAL ARPT KS CLIMATE NORMALS FOR TODAY
                         NORMAL    RECORD    YEAR
 MAXIMUM TEMPERATURE (F)   70        95      2012
                                             1989
 MINIMUM TEMPERATURE (F)   42        19      2013


SUNRISE AND SUNSET
APRIL 24 2018.........SUNRISE   655 AM CDT   SUNSET   827 PM CDT
APRIL 25 2018.........SUNRISE   654 AM CDT   SUNSET   828 PM CDT


-  INDICATES NEGATIVE NUMBERS.
R  INDICATES RECORD WAS SET OR TIED.
MM INDICATES DATA IS MISSING.
T  INDICATES TRACE AMOUNT.




$$
