000
CDUS46 KOTX 260437
CLIGEG


CLIMATE REPORT
NATIONAL WEATHER SERVICE SPOKANE, WA
936 PM PDT FRI MAY 25 2018


...................................

...THE SPOKANE WA AIRPORT CLIMATE SUMMARY FOR MAY 25 2018...
VALID TODAY AS OF 0900 PM LOCAL TIME.

CLIMATE NORMAL PERIOD 1981 TO 2010
CLIMATE RECORD PERIOD 1881 TO 2018


WEATHER ITEM   OBSERVED TIME   RECORD YEAR NORMAL DEPARTURE LAST
                VALUE   (LST)  VALUE       VALUE  FROM      YEAR
                                                  NORMAL
..................................................................
TEMPERATURE (F)
 TODAY
  MAXIMUM         80    421 PM  97    1928  69     11       63
  MINIMUM         59    449 AM  31    1964  46     13       46
  AVERAGE         70                        58     12       55

PRECIPITATION (IN)
  TODAY            0.00          0.74 1997   0.06  -0.06      T
  MONTH TO DATE    1.45                      1.25   0.20     1.31
  SINCE OCT 1     16.09                     13.04   3.05    22.55
  SINCE JAN 1      8.93                      7.26   1.67    13.26

DEGREE DAYS
 HEATING
  TODAY            0                         8     -8       10
  MONTH TO DATE   98                       276   -178      267
  SINCE MAR 1   1424                      1583   -159     1564
  SINCE JUL 1   6071                      6412   -341     6557

 COOLING
  TODAY            5                         1      4        0
  MONTH TO DATE   34                         4     30       10
  SINCE MAR 1     35                         4     31       10
  SINCE JAN 1     35                         4     31       10
..................................................................


WIND (MPH)
  HIGHEST WIND SPEED    13   HIGHEST WIND DIRECTION    SW (230)
  HIGHEST GUST SPEED    17   HIGHEST GUST DIRECTION    SW (210)
  AVERAGE WIND SPEED     7.6


SKY COVER
  POSSIBLE SUNSHINE  MM
  AVERAGE SKY COVER 0.5


WEATHER CONDITIONS
 THE FOLLOWING WEATHER WAS RECORDED TODAY.
  NO SIGNIFICANT WEATHER WAS OBSERVED.


RELATIVE HUMIDITY (PERCENT)
 HIGHEST    84           200 AM
 LOWEST     30           400 PM
 AVERAGE    57

..........................................................


THE SPOKANE WA AIRPORT CLIMATE NORMALS FOR TOMORROW
                         NORMAL    RECORD    YEAR
 MAXIMUM TEMPERATURE (F)   69        93      1936
 MINIMUM TEMPERATURE (F)   47        35      1991
                                             1973
                                             1954


SUNRISE AND SUNSET
MAY 25 2018...........SUNRISE   502 AM PDT   SUNSET   833 PM PDT
MAY 26 2018...........SUNRISE   501 AM PDT   SUNSET   834 PM PDT


-  INDICATES NEGATIVE NUMBERS.
R  INDICATES RECORD WAS SET OR TIED.
MM INDICATES DATA IS MISSING.
T  INDICATES TRACE AMOUNT.




$$
