000
CDUS44 KSHV 220755
CLIGGG


CLIMATE REPORT
NATIONAL WEATHER SERVICE SHREVEPORT, LA
254 AM CDT SUN APR 22 2018


...................................

...THE LONGVIEW CLIMATE SUMMARY FOR APRIL 21 2018...

CLIMATE NORMAL PERIOD 1981 TO 2010
CLIMATE RECORD PERIOD 1902 TO 2018


WEATHER ITEM   OBSERVED TIME   RECORD YEAR NORMAL DEPARTURE LAST
                VALUE   (LST)  VALUE       VALUE  FROM      YEAR
                                                  NORMAL
..................................................................
TEMPERATURE (F)
 YESTERDAY
  MAXIMUM         70   1136 AM  90    2011  78     -8       85
                                      1925
  MINIMUM         50    450 AM  40    1918  55     -5       67
  AVERAGE         60                        66     -6       76

PRECIPITATION (IN)
  YESTERDAY        2.26R         2.08 1957   0.11   2.15     0.00
  MONTH TO DATE    4.82                      2.21   2.61     5.10
  SINCE DEC 1     28.47                     18.41  10.06    20.32
  SINCE JAN 1     23.14                     13.92   9.22    15.52

SNOWFALL (IN)
  YESTERDAY        0.0
  MONTH TO DATE    0.0
  SINCE MAR 1      0.0
  SINCE JUL 1      1.5
  SNOW DEPTH       0

DEGREE DAYS
 HEATING
  YESTERDAY        5                         2      3        0
  MONTH TO DATE  121                        78     43       18
  SINCE MAR 1    267                       333    -66      165
  SINCE JUL 1   2061                      2237   -176     1266

 COOLING
  YESTERDAY        0                         3     -3       11
  MONTH TO DATE   36                        51    -15      114
  SINCE MAR 1     98                        78     20      212
  SINCE JAN 1    134                        90     44      283
..................................................................


WIND (MPH)
  HIGHEST WIND SPEED    18   HIGHEST WIND DIRECTION     N (340)
  HIGHEST GUST SPEED    24   HIGHEST GUST DIRECTION    SE (150)
  AVERAGE WIND SPEED     6.4


SKY COVER
  POSSIBLE SUNSHINE  MM
  AVERAGE SKY COVER 0.6


WEATHER CONDITIONS
 THE FOLLOWING WEATHER WAS RECORDED YESTERDAY.
  THUNDERSTORM
  HEAVY RAIN
  RAIN
  LIGHT RAIN
  FOG


RELATIVE HUMIDITY (PERCENT)
 HIGHEST   100           400 PM
 LOWEST     55          1100 AM
 AVERAGE    78

..........................................................


THE LONGVIEW CLIMATE NORMALS FOR TODAY
                         NORMAL    RECORD    YEAR
 MAXIMUM TEMPERATURE (F)   78        93      2011
 MINIMUM TEMPERATURE (F)   55        30      1931


SUNRISE AND SUNSET
APRIL 22 2018.........SUNRISE   642 AM CDT   SUNSET   754 PM CDT
APRIL 23 2018.........SUNRISE   641 AM CDT   SUNSET   754 PM CDT


-  INDICATES NEGATIVE NUMBERS.
R  INDICATES RECORD WAS SET OR TIED.
MM INDICATES DATA IS MISSING.
T  INDICATES TRACE AMOUNT.




$$
