000
CDUS45 KGGW 200035
CLIGGW


CLIMATE REPORT
NATIONAL WEATHER SERVICE GLASGOW MT
635 PM MDT THU APR 19 2018


...................................

...THE GLASGOW MT CLIMATE SUMMARY FOR APRIL 19 2018...
VALID TODAY AS OF 0500 PM LOCAL TIME.

CLIMATE NORMAL PERIOD 1981 TO 2010
CLIMATE RECORD PERIOD 1893 TO 2018


WEATHER ITEM   OBSERVED TIME   RECORD YEAR NORMAL DEPARTURE LAST
                VALUE   (LST)  VALUE       VALUE  FROM      YEAR
                                                  NORMAL
..................................................................
TEMPERATURE (F)
 TODAY
  MAXIMUM         60        MM  87    1952  60      0       60
  MINIMUM         31        MM  11    1966  33     -2       37
                                      1951
  AVERAGE         46                        46      0       49

PRECIPITATION (IN)
  TODAY            0.00          0.65 1955   0.03  -0.03     0.17
  MONTH TO DATE    0.38                      0.45  -0.07     0.41
  SINCE OCT 1      4.57                      3.05   1.52     5.45
  SINCE JAN 1      2.77                      1.50   1.27     1.92

SNOWFALL (IN)
  TODAY            0.0           3.8  1951   0.0    0.0     MM
  MONTH TO DATE    5.6                       1.4    4.2      0.0
  SINCE MAR 1     25.3                       6.1   19.2      6.2
  SINCE JUL 1     63.4                      33.1   30.3     37.7
  SNOW DEPTH       0

DEGREE DAYS
 HEATING
  TODAY           19                        19      0       16
  MONTH TO DATE  632                       419    213      357
  SINCE MAR 1   1897                      1453    444     1312
  SINCE JUL 1   8763                      7823    940     7419

 COOLING
  TODAY            0                         0      0        0
  MONTH TO DATE    0                         0      0        0
  SINCE MAR 1      0                         0      0        0
  SINCE JAN 1      0                         0      0        0
..................................................................


WIND (MPH)
  HIGHEST WIND SPEED    25   HIGHEST WIND DIRECTION     E (90)
  HIGHEST GUST SPEED    35   HIGHEST GUST DIRECTION     E (80)
  AVERAGE WIND SPEED    19.6


SKY COVER
  POSSIBLE SUNSHINE  MM
  AVERAGE SKY COVER 0.5


WEATHER CONDITIONS
 THE FOLLOWING WEATHER WAS RECORDED TODAY.
  FOG
  FOG W/VISIBILITY <= 1/4 MILE


RELATIVE HUMIDITY (PERCENT)
 HIGHEST    96           300 AM
 LOWEST     37           400 PM
 AVERAGE    67

..........................................................


THE GLASGOW MT CLIMATE NORMALS FOR TOMORROW
                         NORMAL    RECORD    YEAR
 MAXIMUM TEMPERATURE (F)   60        91      1980
 MINIMUM TEMPERATURE (F)   34        13      1927


SUNRISE AND SUNSET
APRIL 19 2018.........SUNRISE   609 AM MDT   SUNSET   803 PM MDT
APRIL 20 2018.........SUNRISE   607 AM MDT   SUNSET   805 PM MDT


-  INDICATES NEGATIVE NUMBERS.
R  INDICATES RECORD WAS SET OR TIED.
MM INDICATES DATA IS MISSING.
T  INDICATES TRACE AMOUNT.




$$
