000
CDUS42 KJAX 200526
CLIGNV


CLIMATE REPORT
NATIONAL WEATHER SERVICE JACKSONVILLE FL
126 AM EDT SUN MAY 20 2018


...................................

...THE GAINESVILLE CLIMATE SUMMARY FOR MAY 19 2018...

CLIMATE NORMAL PERIOD 1981 TO 2010
CLIMATE RECORD PERIOD 1890 TO 2018


WEATHER ITEM   OBSERVED TIME   RECORD YEAR NORMAL DEPARTURE LAST
                VALUE   (LST)  VALUE       VALUE  FROM      YEAR
                                                  NORMAL
..................................................................
TEMPERATURE (F)
 YESTERDAY
  MAXIMUM         90    100 PM  99    1899  88      2       93
  MINIMUM         67    610 AM  50    1979  63      4       66
  AVERAGE         79                        76      3       80

PRECIPITATION (IN)
  YESTERDAY        0.00          4.06 1920   0.07  -0.07      T
  MONTH TO DATE    2.85                      1.24   1.61     0.28
  SINCE MAR 1     12.75                      8.24   4.51     3.69
  SINCE JAN 1     18.65                     14.75   3.90     5.53

SNOWFALL (IN)
  YESTERDAY        0.0           0.0    MM   0.0    0.0      0.0
  MONTH TO DATE    0.0                       0.0    0.0      0.0
  SINCE MAR 1      0.0                       0.0    0.0      0.0
  SINCE JUL 1      0.0                       0.0    0.0      0.0
  SNOW DEPTH       0

DEGREE DAYS
 HEATING
  YESTERDAY        0                         0      0        0
  MONTH TO DATE    0                         0      0        0
  SINCE MAR 1    201                       180     21      143
  SINCE JUL 1   1104                      1214   -110      646

 COOLING
  YESTERDAY       14                        10      4       15
  MONTH TO DATE  179                       161     18      187
  SINCE MAR 1    384                       336     48      442
  SINCE JAN 1    512                       368    144      526
..................................................................


WIND (MPH)
  HIGHEST WIND SPEED    17   HIGHEST WIND DIRECTION    SE (130)
  HIGHEST GUST SPEED    22   HIGHEST GUST DIRECTION    SE (130)
  AVERAGE WIND SPEED     4.4


SKY COVER
  POSSIBLE SUNSHINE  MM
  AVERAGE SKY COVER 0.2


WEATHER CONDITIONS
 THE FOLLOWING WEATHER WAS RECORDED YESTERDAY.
  FOG


RELATIVE HUMIDITY (PERCENT)
 HIGHEST    93           600 AM
 LOWEST     50           200 PM
 AVERAGE    72

..........................................................


THE GAINESVILLE CLIMATE NORMALS FOR TODAY
                         NORMAL    RECORD    YEAR
 MAXIMUM TEMPERATURE (F)   88        97      1938
                                             1913
 MINIMUM TEMPERATURE (F)   64        48      2007
                                             1894


SUNRISE AND SUNSET
MAY 20 2018...........SUNRISE   633 AM EDT   SUNSET   818 PM EDT
MAY 21 2018...........SUNRISE   633 AM EDT   SUNSET   819 PM EDT


-  INDICATES NEGATIVE NUMBERS.
R  INDICATES RECORD WAS SET OR TIED.
MM INDICATES DATA IS MISSING.
T  INDICATES TRACE AMOUNT.




$$
