000
CDUS43 KGID 240624
CLIGRI


CLIMATE REPORT
NATIONAL WEATHER SERVICE HASTINGS NE
123 AM CDT THU MAY 24 2018


...................................

...THE GRAND ISLAND NE CLIMATE SUMMARY FOR MAY 23 2018...

CLIMATE NORMAL PERIOD 1981 TO 2010
CLIMATE RECORD PERIOD 1895 TO 2018


WEATHER ITEM   OBSERVED TIME   RECORD YEAR NORMAL DEPARTURE LAST
                VALUE   (LST)  VALUE       VALUE  FROM      YEAR
                                                  NORMAL
..................................................................
TEMPERATURE (F)
 YESTERDAY
  MAXIMUM         88    355 PM  97    1926  75     13       59
  MINIMUM         65    511 AM  38    1947  52     13       45
  AVERAGE         77                        64     13       52

PRECIPITATION (IN)
  YESTERDAY        T             2.58 2008   0.16  -0.16     0.00
  MONTH TO DATE    3.49                      3.20   0.29     5.19
  SINCE MAR 1      6.01                      7.53  -1.52     8.64
  SINCE JAN 1      7.84                      8.74  -0.90     9.96

SNOWFALL (IN)
  YESTERDAY        0.0           T    1998   0.0    0.0      0.0
  MONTH TO DATE    0.0                       0.1   -0.1      0.3
  SINCE MAR 1      4.5                       7.0   -2.5      1.5
  SINCE JUL 1     33.6                      29.1    4.5      9.2
  SNOW DEPTH       0

DEGREE DAYS
 HEATING
  YESTERDAY        0                         4     -4       13
  MONTH TO DATE   81                       149    -68      163
  SINCE MAR 1   1502                      1390    112     1273
  SINCE JUL 1   6277                      6151    126     5339

 COOLING
  YESTERDAY       12                         2     10        0
  MONTH TO DATE   56                        31     25       40
  SINCE MAR 1     64                        42     22       45
  SINCE JAN 1     64                        42     22       45
..................................................................


WIND (MPH)
  HIGHEST WIND SPEED    25   HIGHEST WIND DIRECTION     S (170)
  HIGHEST GUST SPEED    34   HIGHEST GUST DIRECTION    SE (150)
  AVERAGE WIND SPEED    13.8


SKY COVER
  AVERAGE SKY COVER 0.1


WEATHER CONDITIONS
 THE FOLLOWING WEATHER WAS RECORDED YESTERDAY.
  NO SIGNIFICANT WEATHER WAS OBSERVED.


RELATIVE HUMIDITY (PERCENT)
 HIGHEST    93           500 AM
 LOWEST     40           400 PM
 AVERAGE    67

..........................................................


THE GRAND ISLAND NE CLIMATE NORMALS FOR TODAY
                         NORMAL    RECORD    YEAR
 MAXIMUM TEMPERATURE (F)   75       101      1967
 MINIMUM TEMPERATURE (F)   52        29      1924


SUNRISE AND SUNSET
MAY 24 2018...........SUNRISE   608 AM CDT   SUNSET   853 PM CDT
MAY 25 2018...........SUNRISE   607 AM CDT   SUNSET   854 PM CDT


-  INDICATES NEGATIVE NUMBERS.
R  INDICATES RECORD WAS SET OR TIED.
MM INDICATES DATA IS MISSING.
T  INDICATES TRACE AMOUNT.




$$
