000
CDUS46 KHNX 220828
CLIHJO


CLIMATE REPORT
NATIONAL WEATHER SERVICE SAN JOAQUIN VALLEY, CA
128 AM PDT TUE MAY 22 2018


...................................

...THE HANFORD CA CLIMATE SUMMARY FOR MAY 21 2018...

CLIMATE NORMAL PERIOD 1981 TO 2010
CLIMATE RECORD PERIOD 1998 TO 2018


WEATHER ITEM   OBSERVED TIME   RECORD YEAR NORMAL DEPARTURE
                VALUE   (LST)  VALUE       VALUE  FROM
                                                  NORMAL
...............................................................
TEMPERATURE (F)
 YESTERDAY
  MAXIMUM         81    348 PM 101    2001  85     -4
  MINIMUM         54    509 AM  47    2002  55     -1
  AVERAGE         68                        70     -2

PRECIPITATION (IN)
  YESTERDAY        0.00          0.52 2006   0.01  -0.01
  MONTH TO DATE    0.00                      0.32  -0.32
  SINCE OCT 1      4.70                      9.64  -4.94
  SINCE JAN 1      4.29                      6.51  -2.22

SNOWFALL (IN)
  YESTERDAY        0.0
  MONTH TO DATE    0.0
  SINCE MAR 1      0.0
  SINCE JUL 1      0.0
  SNOW DEPTH       0

DEGREE DAYS
 HEATING
  YESTERDAY        0
  MONTH TO DATE    7
  SINCE MAR 1    372
  SINCE JUL 1   2042

 COOLING
  YESTERDAY        3
  MONTH TO DATE  110
  SINCE MAR 1    179
  SINCE JAN 1    179
...............................................................


WIND (MPH)
  HIGHEST WIND SPEED    14   HIGHEST WIND DIRECTION    NW (320)
  HIGHEST GUST SPEED    19   HIGHEST GUST DIRECTION     N (350)
  AVERAGE WIND SPEED     6.1




RELATIVE HUMIDITY (PERCENT)
 HIGHEST    77
 LOWEST     28
 AVERAGE    53

..........................................................


THE HANFORD CA CLIMATE NORMALS FOR TODAY
                         NORMAL    RECORD    YEAR
 MAXIMUM TEMPERATURE (F)   86       102      2001
 MINIMUM TEMPERATURE (F)   55        47      2010


SUNRISE AND SUNSET
MAY 22 2018...........SUNRISE   547 AM PDT   SUNSET   804 PM PDT
MAY 23 2018...........SUNRISE   546 AM PDT   SUNSET   805 PM PDT


-  INDICATES NEGATIVE NUMBERS.
R  INDICATES RECORD WAS SET OR TIED.
MM INDICATES DATA IS MISSING.
T  INDICATES TRACE AMOUNT.




$$
