000
CDUS46 KSEW 260848
CLIHQM


CLIMATE REPORT
NATIONAL WEATHER SERVICE SEATTLE WA
147 AM PDT SAT MAY 26 2018


...................................

...THE HOQUIAM WA AIRPORT CLIMATE SUMMARY FOR MAY 25 2018...

CLIMATE NORMAL PERIOD 1981 TO 2010
CLIMATE RECORD PERIOD 1953 TO 2018


WEATHER ITEM   OBSERVED TIME   RECORD YEAR NORMAL DEPARTURE LAST
                VALUE   (LST)  VALUE       VALUE  FROM      YEAR
                                                  NORMAL
..................................................................
TEMPERATURE (F)
 YESTERDAY
  MAXIMUM         62   1229 PM  82    2005  61      1       60
  MINIMUM         48    430 AM  37    1972  48      0       45
                                      1964
  AVERAGE         55                        54      1       53

PRECIPITATION (IN)
  YESTERDAY        0.00          0.77 1986   0.10  -0.10     0.00
  MONTH TO DATE    0.35                      2.71  -2.36     3.81
  SINCE OCT 1     64.74                     60.00   4.74    82.02
  SINCE JAN 1     33.15                     32.34   0.81    40.48

DEGREE DAYS
 HEATING
  YESTERDAY       10                        11     -1       12
  MONTH TO DATE  227                       309    -82      297
  SINCE MAR 1   1266                      1387   -121     1370

 COOLING
  YESTERDAY        0                         0      0        0
  MONTH TO DATE    0                         0      0        0
  SINCE MAR 1      0                         0      0        0
  SINCE JAN 1      0                         0      0        0
..................................................................


WIND (MPH)
  RESULTANT WIND SPEED  12   RESULTANT WIND DIRECTION   W (270)
  HIGHEST WIND SPEED    25   HIGHEST WIND DIRECTION     W (270)
  HIGHEST GUST SPEED    31   HIGHEST GUST DIRECTION     W (250)
  AVERAGE WIND SPEED    11.8


SKY COVER
  AVERAGE SKY COVER 0.1


WEATHER CONDITIONS
 THE FOLLOWING WEATHER WAS RECORDED YESTERDAY.
  NO SIGNIFICANT WEATHER WAS OBSERVED.


RELATIVE HUMIDITY (PERCENT)
 HIGHEST    86           400 AM
 LOWEST     51          1100 AM
 AVERAGE    69

..........................................................


THE HOQUIAM WA AIRPORT CLIMATE NORMALS FOR TODAY
                         NORMAL    RECORD    YEAR
 MAXIMUM TEMPERATURE (F)   61        89      2005
 MINIMUM TEMPERATURE (F)   48        38      1973


SUNRISE AND SUNSET
MAY 26 2018...........SUNRISE   529 AM PDT   SUNSET   857 PM PDT
MAY 27 2018...........SUNRISE   528 AM PDT   SUNSET   858 PM PDT


-  INDICATES NEGATIVE NUMBERS.
R  INDICATES RECORD WAS SET OR TIED.
MM INDICATES DATA IS MISSING.
T  INDICATES TRACE AMOUNT.




$$
