000
CDUS44 KLZK 202104
CLIHRO


CLIMATE REPORT
NATIONAL WEATHER SERVICE LITTLE ROCK AR
403 PM CDT SUN MAY 20 2018


...................................

...THE HARRISON CLIMATE SUMMARY FOR MAY 20 2018...
VALID TODAY AS OF 0400 PM LOCAL TIME.

CLIMATE NORMAL PERIOD 1981 TO 2010
CLIMATE RECORD PERIOD 1891 TO 2018


WEATHER ITEM   OBSERVED TIME   RECORD YEAR NORMAL DEPARTURE LAST
                VALUE   (LST)  VALUE       VALUE  FROM      YEAR
                                                  NORMAL
..................................................................
TEMPERATURE (F)
 TODAY
  MAXIMUM         84    226 PM  94    1904  77      7       76
  MINIMUM         67    515 AM  38    1954  56     11       56
  AVERAGE         76                        67      9       66

PRECIPITATION (IN)
  TODAY            0.00          3.40 1955   0.15  -0.15     1.16
  MONTH TO DATE    2.15                      3.19  -1.04     4.50
  SINCE MAR 1     10.83                     11.30  -0.47    21.82
  SINCE JAN 1     19.46                     16.50   2.96    25.40

SNOWFALL (IN)
  TODAY            0.0          MM      MM   0.0    0.0      0.0
  MONTH TO DATE    0.0                       0.0    0.0      0.0
  SINCE MAR 1      0.1                       2.3   -2.2      2.5
  SINCE JUL 1      2.2                      11.5   -9.3      3.4
  SNOW DEPTH       0

DEGREE DAYS
 HEATING
  TODAY            0                         2     -2        0
  MONTH TO DATE    0                        62    -62       53
  SINCE MAR 1    834                       811     23      569
  SINCE JUL 1   3794                      3983   -189     2975

 COOLING
  TODAY           11                         4      7        1
  MONTH TO DATE  147                        53     94       60
  SINCE MAR 1    156                        90     66      106
  SINCE JAN 1    161                        90     71      113
..................................................................


WIND (MPH)
  HIGHEST WIND SPEED    16   HIGHEST WIND DIRECTION    NW (320)
  HIGHEST GUST SPEED    22   HIGHEST GUST DIRECTION    NW (330)
  AVERAGE WIND SPEED     6.1


SKY COVER
  POSSIBLE SUNSHINE  MM
  AVERAGE SKY COVER 0.2


WEATHER CONDITIONS
 THE FOLLOWING WEATHER WAS RECORDED TODAY.
  NO SIGNIFICANT WEATHER WAS OBSERVED.


RELATIVE HUMIDITY (PERCENT)
 HIGHEST   100           400 AM
 LOWEST     67          1200 PM
 AVERAGE    84

..........................................................


THE HARRISON CLIMATE NORMALS FOR TOMORROW
                         NORMAL    RECORD    YEAR
 MAXIMUM TEMPERATURE (F)   77        96      1904
 MINIMUM TEMPERATURE (F)   57        33      1919


SUNRISE AND SUNSET
MAY 20 2018...........SUNRISE   603 AM CDT   SUNSET   816 PM CDT
MAY 21 2018...........SUNRISE   602 AM CDT   SUNSET   817 PM CDT


-  INDICATES NEGATIVE NUMBERS.
R  INDICATES RECORD WAS SET OR TIED.
MM INDICATES DATA IS MISSING.
T  INDICATES TRACE AMOUNT.




$$
