000
CDUS42 KMHX 190527
CLIHSE


CLIMATE REPORT
NATIONAL WEATHER SERVICE NEWPORT/MOREHEAD CITY NC
126 AM EDT THU APR 19 2018


...................................

...THE CAPE HATTERAS NC CLIMATE SUMMARY FOR APRIL 18 2018...

CLIMATE NORMAL PERIOD 1981 TO 2010
CLIMATE RECORD PERIOD 1874 TO 2018


WEATHER ITEM   OBSERVED TIME   RECORD YEAR NORMAL DEPARTURE LAST
                VALUE   (LST)  VALUE       VALUE  FROM      YEAR
                                                  NORMAL
..................................................................
TEMPERATURE (F)
 YESTERDAY
  MAXIMUM         71    301 PM  82    1995  67      4       75
  MINIMUM         58    647 AM  32    1966  53      5       65
  AVERAGE         65                        60      5       70

PRECIPITATION (IN)
  YESTERDAY        0.00          1.98 1978   0.12  -0.12     0.06
  MONTH TO DATE    3.07                      2.28   0.79     4.31
  SINCE MAR 1      7.53                      7.05   0.48     9.59
  SINCE JAN 1     17.78                     16.31   1.47    15.90

SNOWFALL (IN)
  YESTERDAY        0.0
  MONTH TO DATE    0.0
  SINCE NOV 1      3.5
  SINCE JUL 1      3.5
  SNOW DEPTH       0

DEGREE DAYS
 HEATING
  YESTERDAY        0                         6     -6        0
  MONTH TO DATE  126                       137    -11       45
  SINCE MAR 1    617                       556     61      400
  SINCE JUL 1   2228                      2480   -252     1722

 COOLING
  YESTERDAY        0                         1     -1        5
  MONTH TO DATE   13                         9      4       62
  SINCE MAR 1     13                        12      1       86
  SINCE JAN 1     23                        12     11       94
..................................................................


WIND (MPH)
  HIGHEST WIND SPEED    25   HIGHEST WIND DIRECTION    SW (240)
  HIGHEST GUST SPEED    35   HIGHEST GUST DIRECTION    SW (240)
  AVERAGE WIND SPEED    11.5


SKY COVER
  POSSIBLE SUNSHINE  MM
  AVERAGE SKY COVER 0.0


WEATHER CONDITIONS
 THE FOLLOWING WEATHER WAS RECORDED YESTERDAY.
  NO SIGNIFICANT WEATHER WAS OBSERVED.


RELATIVE HUMIDITY (PERCENT)
 HIGHEST    84           500 AM
 LOWEST     65          1200 AM
 AVERAGE    75

..........................................................


THE CAPE HATTERAS NC CLIMATE NORMALS FOR TODAY
                         NORMAL    RECORD    YEAR
 MAXIMUM TEMPERATURE (F)   67        81      1995
 MINIMUM TEMPERATURE (F)   54        36      2001


SUNRISE AND SUNSET
APRIL 19 2018.........SUNRISE   625 AM EDT   SUNSET   739 PM EDT
APRIL 20 2018.........SUNRISE   624 AM EDT   SUNSET   739 PM EDT


-  INDICATES NEGATIVE NUMBERS.
R  INDICATES RECORD WAS SET OR TIED.
MM INDICATES DATA IS MISSING.
T  INDICATES TRACE AMOUNT.




$$
