000
CDUS44 KHUN 250818
CLIHSV


CLIMATE REPORT
NATIONAL WEATHER SERVICE HUNTSVILLE AL
318 AM CDT WED APR 25 2018


...................................

...THE HUNTSVILLE CLIMATE SUMMARY FOR APRIL 24 2018...

CLIMATE NORMAL PERIOD 1981 TO 2010
CLIMATE RECORD PERIOD 1894 TO 2018


WEATHER ITEM   OBSERVED TIME   RECORD YEAR NORMAL DEPARTURE LAST
                VALUE   (LST)  VALUE       VALUE  FROM      YEAR
                                                  NORMAL
..................................................................
TEMPERATURE (F)
 YESTERDAY
  MAXIMUM         70    405 PM  91    1960  76     -6       70
  MINIMUM         57    721 AM  32    1910  53      4       52
  AVERAGE         64                        64      0       61

PRECIPITATION (IN)
  YESTERDAY        0.02          1.93 1937   0.15  -0.13     0.00
  MONTH TO DATE    8.15                      3.42   4.73     2.91
  SINCE MAR 1     11.46                      8.63   2.83     6.82
  SINCE JAN 1     21.87                     18.36   3.51    15.69

SNOWFALL (IN)
  YESTERDAY        0.0
  MONTH TO DATE    0.0
  SINCE MAR 1      T
  SINCE JUL 1      0.4
  SNOW DEPTH       0

DEGREE DAYS
 HEATING
  YESTERDAY        1                         3     -2        4
  MONTH TO DATE  194                       138     56       53
  SINCE MAR 1    589                       506     83      365
  SINCE JUL 1   2874                      2958    -84     1932

 COOLING
  YESTERDAY        0                         3     -3        0
  MONTH TO DATE   13                        40    -27      112
  SINCE MAR 1     17                        53    -36      137
  SINCE JAN 1     52                        54     -2      142
..................................................................


WIND (MPH)
  HIGHEST WIND SPEED    20   HIGHEST WIND DIRECTION     W (270)
  HIGHEST GUST SPEED    24   HIGHEST GUST DIRECTION     W (260)
  AVERAGE WIND SPEED     7.4


SKY COVER
  POSSIBLE SUNSHINE  MM
  AVERAGE SKY COVER 0.9


WEATHER CONDITIONS
 THE FOLLOWING WEATHER WAS RECORDED YESTERDAY.
  RAIN
  FOG


RELATIVE HUMIDITY (PERCENT)
 HIGHEST   100          1200 AM
 LOWEST     61           300 PM
 AVERAGE    81

..........................................................


THE HUNTSVILLE CLIMATE NORMALS FOR TODAY
                         NORMAL    RECORD    YEAR
 MAXIMUM TEMPERATURE (F)   76        90      1960
 MINIMUM TEMPERATURE (F)   53        26      1910


SUNRISE AND SUNSET
APRIL 25 2018.........SUNRISE   603 AM CDT   SUNSET   727 PM CDT
APRIL 26 2018.........SUNRISE   602 AM CDT   SUNSET   728 PM CDT


-  INDICATES NEGATIVE NUMBERS.
R  INDICATES RECORD WAS SET OR TIED.
MM INDICATES DATA IS MISSING.
T  INDICATES TRACE AMOUNT.




$$
