000
CDUS45 KTFX 202240
CLIHVR


CLIMATE REPORT
NATIONAL WEATHER SERVICE GREAT FALLS MT
440 PM MDT SUN MAY 20 2018


...................................

...THE HAVRE MT CLIMATE SUMMARY FOR MAY 20 2018...
VALID TODAY AS OF 0400 PM LOCAL TIME.

CLIMATE NORMAL PERIOD 1981 TO 2010
CLIMATE RECORD PERIOD 1880 TO 2018


WEATHER ITEM   OBSERVED TIME   RECORD YEAR NORMAL DEPARTURE LAST
                VALUE   (LST)  VALUE       VALUE  FROM      YEAR
                                                  NORMAL
..................................................................
TEMPERATURE (F)
 TODAY
  MAXIMUM         78    252 PM  91    1925  69      9       72
  MINIMUM         43    516 AM  28    1892  42      1       35
  AVERAGE         61                        55      6       54

PRECIPITATION (IN)
  TODAY            0.00          1.37 1991   0.06  -0.06     0.07
  MONTH TO DATE    0.92                      1.00  -0.08     0.29
  SINCE OCT 1      7.82                      4.40   3.42     6.47
  SINCE JAN 1      4.30                      2.99   1.31     2.48

DEGREE DAYS
 HEATING
  TODAY            4                        10     -6       11
  MONTH TO DATE  164                       259    -95      216
  SINCE MAR 1   2348                      1876    472     1712
  SINCE JUL 1   9140                      7996   1144     7711

 COOLING
  TODAY            0                         0      0        0
  MONTH TO DATE    3                         0      3        6
  SINCE MAR 1      3                         1      2        6
  SINCE JAN 1      3                         1      2        6
..................................................................


WIND (MPH)
  HIGHEST WIND SPEED    15   HIGHEST WIND DIRECTION     E (90)
  HIGHEST GUST SPEED    17   HIGHEST GUST DIRECTION     E (90)
  AVERAGE WIND SPEED     6.0


SKY COVER
  AVERAGE SKY COVER 0.1


WEATHER CONDITIONS
 THE FOLLOWING WEATHER WAS RECORDED TODAY.
  NO SIGNIFICANT WEATHER WAS OBSERVED.


RELATIVE HUMIDITY (PERCENT)
 HIGHEST    96           400 AM
 LOWEST     31           300 PM
 AVERAGE    64

..........................................................


THE HAVRE MT CLIMATE NORMALS FOR TOMORROW
                         NORMAL    RECORD    YEAR
 MAXIMUM TEMPERATURE (F)   69        98      1980
 MINIMUM TEMPERATURE (F)   43        27      1969


SUNRISE AND SUNSET
MAY 20 2018...........SUNRISE   532 AM MDT   SUNSET   900 PM MDT
MAY 21 2018...........SUNRISE   531 AM MDT   SUNSET   901 PM MDT


-  INDICATES NEGATIVE NUMBERS.
R  INDICATES RECORD WAS SET OR TIED.
MM INDICATES DATA IS MISSING.
T  INDICATES TRACE AMOUNT.




$$
