000
CDUS43 KUNR 210839
CLIICR


CLIMATE REPORT
NATIONAL WEATHER SERVICE RAPID CITY SD
236 AM MDT MON MAY 21 2018


...................................

...THE WINNER REGIONAL AIRPORT SD CLIMATE SUMMARY FOR MAY 20 2018...

CLIMATE NORMAL PERIOD 1981 TO 2010
CLIMATE RECORD PERIOD 9999 TO 9999


WEATHER ITEM   OBSERVED TIME   NORMAL DEPARTURE LAST
                VALUE   (LST)  VALUE  FROM      YEAR
                                      NORMAL
......................................................
TEMPERATURE (F)
 YESTERDAY
  MAXIMUM         63    336 PM  71     -8       44
  MINIMUM         39    505 AM  48     -9       39
  AVERAGE         51            59     -8       42

PRECIPITATION (IN)
  YESTERDAY        0.00          0.10  -0.10     0.59
  MONTH TO DATE    1.52          2.12  -0.60     2.84
  SINCE MAR 1      3.94          5.99  -2.05     5.26
  SINCE JAN 1      4.97          6.75  -1.78     6.90

DEGREE DAYS
 HEATING
  YESTERDAY       14             7      7       23
  MONTH TO DATE  104           186    -82      136
  SINCE MAR 1   1722          1581    141     1327
  SINCE JUL 1   6622          6590     32     5479

 COOLING
  YESTERDAY        0             1     -1        0
  MONTH TO DATE   35            15     20       26
  SINCE MAR 1     38            17     21       28
  SINCE JAN 1     38            17     21       28
......................................................


WIND (MPH)
  HIGHEST WIND SPEED    18   HIGHEST WIND DIRECTION    NE (60)
  HIGHEST GUST SPEED    23   HIGHEST GUST DIRECTION    NE (60)
  AVERAGE WIND SPEED     8.2


SKY COVER
  AVERAGE SKY COVER 0.7


WEATHER CONDITIONS
 THE FOLLOWING WEATHER WAS RECORDED YESTERDAY.
  NO SIGNIFICANT WEATHER WAS OBSERVED.


RELATIVE HUMIDITY (PERCENT)
 HIGHEST    82           300 AM
 LOWEST     39          1200 PM
 AVERAGE    61

..........................................................




SUNRISE AND SUNSET
MAY 21 2018...........SUNRISE   609 AM CDT   SUNSET   903 PM CDT
MAY 22 2018...........SUNRISE   608 AM CDT   SUNSET   904 PM CDT


-  INDICATES NEGATIVE NUMBERS.
R  INDICATES RECORD WAS SET OR TIED.
MM INDICATES DATA IS MISSING.
T  INDICATES TRACE AMOUNT.




$$
