000
CDUS41 KCTP 230625
CLIIPT


CLIMATE REPORT
NATIONAL WEATHER SERVICE STATE COLLEGE PA
225 AM EDT MON APR 23 2018


...................................

...THE WILLIAMSPORT PA CLIMATE SUMMARY FOR APRIL 22 2018...

CLIMATE NORMAL PERIOD 1981 TO 2010
CLIMATE RECORD PERIOD 1895 TO 2018


WEATHER ITEM   OBSERVED TIME   RECORD YEAR NORMAL DEPARTURE LAST
                VALUE   (LST)  VALUE       VALUE  FROM      YEAR
                                                  NORMAL
..................................................................
TEMPERATURE (F)
 YESTERDAY
  MAXIMUM         67    439 PM  89    1985  64      3       58
  MINIMUM         30    520 AM  24    1922  41    -11       41
  AVERAGE         49                        52     -3       50

PRECIPITATION (IN)
  YESTERDAY        0.00          1.25 1927   0.10  -0.10     0.02
  MONTH TO DATE    3.28                      2.39   0.89     3.50
  SINCE MAR 1      5.41                      5.36   0.05     7.24
  SINCE JAN 1     13.20                     10.40   2.80    12.54

SNOWFALL (IN)
  YESTERDAY        0.0           0.8  1993   0.0    0.0      0.0
  MONTH TO DATE    5.2                       1.1    4.1       T
  SINCE MAR 1      7.8                       8.0   -0.2     22.6
  SINCE JUL 1     26.8                      36.0   -9.2     41.1
  SNOW DEPTH       0

DEGREE DAYS
 HEATING
  YESTERDAY       16                        13      3       15
  MONTH TO DATE  479                       366    113      217
  SINCE MAR 1   1340                      1195    145     1075
  SINCE JUL 1   5390                      5662   -272     4711

 COOLING
  YESTERDAY        0                         0      0        0
  MONTH TO DATE    0                         0      0        5
  SINCE MAR 1      0                         0      0        5
  SINCE JAN 1      0                         0      0        5
..................................................................


WIND (MPH)
  HIGHEST WIND SPEED    13   HIGHEST WIND DIRECTION     N (20)
  HIGHEST GUST SPEED    17   HIGHEST GUST DIRECTION    SW (220)
  AVERAGE WIND SPEED     3.5


SKY COVER
  POSSIBLE SUNSHINE  MM
  AVERAGE SKY COVER 0.0


WEATHER CONDITIONS
 THE FOLLOWING WEATHER WAS RECORDED YESTERDAY.
  NO SIGNIFICANT WEATHER WAS OBSERVED.


RELATIVE HUMIDITY (PERCENT)
 HIGHEST    72           500 AM
 LOWEST     12           500 PM
 AVERAGE    42

..........................................................


THE WILLIAMSPORT PA CLIMATE NORMALS FOR TODAY
                         NORMAL    RECORD    YEAR
 MAXIMUM TEMPERATURE (F)   64        91      1960
 MINIMUM TEMPERATURE (F)   41        27      1933
                                             1930


SUNRISE AND SUNSET
APRIL 23 2018.........SUNRISE   616 AM EDT   SUNSET   756 PM EDT
APRIL 24 2018.........SUNRISE   615 AM EDT   SUNSET   757 PM EDT


-  INDICATES NEGATIVE NUMBERS.
R  INDICATES RECORD WAS SET OR TIED.
MM INDICATES DATA IS MISSING.
T  INDICATES TRACE AMOUNT.




$$
