875
CDUS43 KEAX 250632
CLIIRK


CLIMATE REPORT
NATIONAL WEATHER SERVICE KANSAS CITY/PLEASANT HILL MO
132 AM CDT WED APR 25 2018


...................................

...THE KIRKSVILLE MO CLIMATE SUMMARY FOR APRIL 24 2018...

CLIMATE NORMAL PERIOD 1981 TO 2010
CLIMATE RECORD PERIOD 9999 TO 9999


WEATHER ITEM   OBSERVED TIME   NORMAL DEPARTURE LAST
                VALUE   (LST)  VALUE  FROM      YEAR
                                      NORMAL
......................................................
TEMPERATURE (F)
 YESTERDAY
  MAXIMUM         76    403 PM  65     11       77
  MINIMUM         41    531 AM  44     -3       42
  AVERAGE         59            54      5       60

PRECIPITATION (IN)
  YESTERDAY        0.00          0.16  -0.16     0.00
  MONTH TO DATE    0.65          2.82  -2.17     2.80
  SINCE MAR 1      3.47          5.37  -1.90     6.44
  SINCE JAN 1      7.58          8.17  -0.59     8.30

DEGREE DAYS
 HEATING
  YESTERDAY        6            11     -5        5
  MONTH TO DATE  535           345    190      202
  SINCE MAR 1   1327          1099    228      844
  SINCE JUL 1   5646          5632     14     4373

 COOLING
  YESTERDAY        0             0      0        0
  MONTH TO DATE    8             0      8       24
  SINCE MAR 1      8             0      8       24
  SINCE JAN 1      8             0      8       24
......................................................


WIND (MPH)
  HIGHEST WIND SPEED    18   HIGHEST WIND DIRECTION     N (360)
  HIGHEST GUST SPEED    26   HIGHEST GUST DIRECTION     N (350)
  AVERAGE WIND SPEED     8.3


SKY COVER
  AVERAGE SKY COVER 0.0


WEATHER CONDITIONS
 THE FOLLOWING WEATHER WAS RECORDED YESTERDAY.
  NO SIGNIFICANT WEATHER WAS OBSERVED.


RELATIVE HUMIDITY (PERCENT)
 HIGHEST    75           800 AM
 LOWEST     23           300 PM
 AVERAGE    49

..........................................................


THE KIRKSVILLE MO CLIMATE NORMALS FOR TODAY
                         NORMAL
 MAXIMUM TEMPERATURE (F)   66
 MINIMUM TEMPERATURE (F)   44


SUNRISE AND SUNSET
APRIL 25 2018.........SUNRISE   618 AM CDT   SUNSET   759 PM CDT
APRIL 26 2018.........SUNRISE   616 AM CDT   SUNSET   800 PM CDT


-  INDICATES NEGATIVE NUMBERS.
R  INDICATES RECORD WAS SET OR TIED.
MM INDICATES DATA IS MISSING.
T  INDICATES TRACE AMOUNT.




$$
