000
CDHW43 PHFO 250235
CLIITO


CLIMATE REPORT
NATIONAL WEATHER SERVICE HONOLULU HI
435 PM HST THU MAY 24 2018


...................................

...THE HILO HI CLIMATE SUMMARY FOR MAY 24 2018...
VALID TODAY AS OF 0400 PM LOCAL TIME.

CLIMATE NORMAL PERIOD 1981 TO 2010
CLIMATE RECORD PERIOD 1946 TO 2018


WEATHER ITEM   OBSERVED TIME   RECORD YEAR NORMAL DEPARTURE LAST
                VALUE   (LST)  VALUE       VALUE  FROM      YEAR
                                                  NORMAL
..................................................................
TEMPERATURE (F)
 TODAY
  MAXIMUM         82    322 PM  87    1992  81      1       82
                                      1968
  MINIMUM         68    536 AM  63    1975  67      1       69
                                      1970
  AVERAGE         75                        74      1       76

PRECIPITATION (IN)
  TODAY            0.51          5.36 1964   0.22   0.29     0.03
  MONTH TO DATE    6.38                      6.65  -0.27     6.92
  SINCE MAR 1     30.56                     31.62  -1.06    15.40
  SINCE JAN 1     60.64                     50.44  10.20    33.89

SNOWFALL (IN)
  TODAY            0.0
  MONTH TO DATE    0.0
  SINCE MAR 1      0.0
  SINCE JUL 1      0.0
  SNOW DEPTH      MM

DEGREE DAYS
 HEATING
  TODAY            0                         0      0        0
  MONTH TO DATE    0                         0      0        0
  SINCE MAR 1      0                         0      0        0
  SINCE JUL 1      0                         0      0        0

 COOLING
  TODAY           10                         9      1       11
  MONTH TO DATE  238                       204     34      241
  SINCE MAR 1    822                       631    191      826
  SINCE JAN 1   1330                      1001    329     1235
..................................................................


WIND (MPH)
  HIGHEST WIND SPEED    21   HIGHEST WIND DIRECTION     E (80)
  HIGHEST GUST SPEED    24   HIGHEST GUST DIRECTION     E (80)
  AVERAGE WIND SPEED    MM


SKY COVER
  POSSIBLE SUNSHINE  MM
  AVERAGE SKY COVER  MM


WEATHER CONDITIONS
 THE FOLLOWING WEATHER WAS RECORDED TODAY.
  FOG
  HAZE


RELATIVE HUMIDITY (PERCENT)
 HIGHEST    MM
 LOWEST     MM
 AVERAGE    MM

..........................................................


THE HILO HI CLIMATE NORMALS FOR TOMORROW
                         NORMAL    RECORD    YEAR
 MAXIMUM TEMPERATURE (F)   81        91      2003
 MINIMUM TEMPERATURE (F)   67        60      2003


SUNRISE AND SUNSET
MAY 24 2018...........SUNRISE   542 AM HST   SUNSET   652 PM HST
MAY 25 2018...........SUNRISE   542 AM HST   SUNSET   653 PM HST


-  INDICATES NEGATIVE NUMBERS.
R  INDICATES RECORD WAS SET OR TIED.
MM INDICATES DATA IS MISSING.
T  INDICATES TRACE AMOUNT.




$$
