025
CDUS44 KMEG 200635
CLIJBR


CLIMATE REPORT
NATIONAL WEATHER SERVICE MEMPHIS TN
134 AM CDT SUN MAY 20 2018


...................................

...THE JONESBORO CLIMATE SUMMARY FOR MAY 19 2018...

CLIMATE NORMAL PERIOD 1981 TO 2010
CLIMATE RECORD PERIOD 1897 TO 2018


WEATHER ITEM   OBSERVED TIME   RECORD YEAR NORMAL DEPARTURE LAST
                VALUE   (LST)  VALUE       VALUE  FROM      YEAR
                                                  NORMAL
..................................................................
TEMPERATURE (F)
 YESTERDAY
  MAXIMUM         93    131 PM  95    1998  81     12       89
  MINIMUM         65    432 AM  42    2002  59      6       68
  AVERAGE         79                        70      9       79

PRECIPITATION (IN)
  YESTERDAY        0.49          0.99 1927   0.13   0.36     0.06
  MONTH TO DATE    1.83                      3.23  -1.40     3.93
  SINCE MAR 1     11.29                     12.75  -1.46    18.88
  SINCE JAN 1     27.94                     19.90   8.04    24.49

DEGREE DAYS
 HEATING
  YESTERDAY        0                         1     -1        0
  MONTH TO DATE    0                        31    -31       35
  SINCE MAR 1    737                       690     47      493
  SINCE JUL 1   3520                      3646   -126     2626

 COOLING
  YESTERDAY       14                         6      8       14
  MONTH TO DATE  193                        75    118       86
  SINCE MAR 1    204                       122     82      156
  SINCE JAN 1    209                       122     87      160
..................................................................


WIND (MPH)
  HIGHEST WIND SPEED    32   HIGHEST WIND DIRECTION    SW (230)
  HIGHEST GUST SPEED    39   HIGHEST GUST DIRECTION    SW (230)
  AVERAGE WIND SPEED     6.0


SKY COVER
  POSSIBLE SUNSHINE  MM
  AVERAGE SKY COVER 0.2


WEATHER CONDITIONS
 THE FOLLOWING WEATHER WAS RECORDED YESTERDAY.
  THUNDERSTORM
  HEAVY RAIN
  RAIN
  LIGHT RAIN
  FOG


RELATIVE HUMIDITY (PERCENT)
 HIGHEST   100          1200 AM
 LOWEST     56           100 PM
 AVERAGE    78

..........................................................


THE JONESBORO CLIMATE NORMALS FOR TODAY
                         NORMAL    RECORD    YEAR
 MAXIMUM TEMPERATURE (F)   81        94      1974
 MINIMUM TEMPERATURE (F)   59        45      1929


SUNRISE AND SUNSET
MAY 20 2018...........SUNRISE   554 AM CDT   SUNSET   805 PM CDT
MAY 21 2018...........SUNRISE   553 AM CDT   SUNSET   806 PM CDT


-  INDICATES NEGATIVE NUMBERS.
R  INDICATES RECORD WAS SET OR TIED.
MM INDICATES DATA IS MISSING.
T  INDICATES TRACE AMOUNT.




$$
