000
CDAK47 PAJK 261142
CLIJNU
CLIMATE REPORT
NATIONAL WEATHER SERVICE JUNEAU, AK
339 AM AKDT THU APR 26 2018


...................................

...THE JUNEAU CLIMATE SUMMARY FOR APRIL 25 2018...

CLIMATE NORMAL PERIOD 1981 TO 2010
CLIMATE RECORD PERIOD 1936 TO 2018


WEATHER ITEM   OBSERVED RECORD YEAR NORMAL DEPARTURE LAST
                VALUE   VALUE       VALUE  FROM      YEAR
                                           NORMAL
...........................................................
TEMPERATURE (F)
 YESTERDAY
  MAXIMUM         45     73    2003  51     -6       60
  MINIMUM         41     23    1948  35      6       38
  AVERAGE         43                 43      0       49

PRECIPITATION (IN)
  YESTERDAY        0.06   0.99 2004   0.10  -0.04      T
  MONTH TO DATE    2.61               2.46   0.15     0.69
  SINCE JAN 1     13.19              15.72  -2.53    15.71

SNOWFALL (IN)
  YESTERDAY        0.0    0.3  1964   0.0    0.0      0.0
  MONTH TO DATE    0.0                1.0   -1.0       T
  SINCE JUL 1     77.3               86.6   -9.3     65.2
  SNOW DEPTH       0

DEGREE DAYS
 HEATING
  YESTERDAY       22                 22      0       16
  MONTH TO DATE  634                622     12      549
...........................................................


WIND (MPH)
  HIGHEST WIND SPEED    21   HIGHEST WIND DIRECTION    SE (120)
  HIGHEST GUST SPEED    31   HIGHEST GUST DIRECTION     N (10)
  AVERAGE WIND SPEED    11.6


SKY COVER
  AVERAGE SKY COVER 1.0


WEATHER CONDITIONS
 THE FOLLOWING WEATHER WAS RECORDED YESTERDAY.
  LIGHT RAIN
  FOG


..........................................................


THE JUNEAU CLIMATE NORMALS FOR TODAY
                         NORMAL    RECORD    YEAR
 MAXIMUM TEMPERATURE (F)   52        74      2003
 MINIMUM TEMPERATURE (F)   35        22      1954
                                             1948


SUNRISE AND SUNSET
APRIL 26 2018.........SUNRISE   517 AM AKDT  SUNSET   837 PM AKDT
APRIL 27 2018.........SUNRISE   514 AM AKDT  SUNSET   839 PM AKDT


-  INDICATES NEGATIVE NUMBERS.
R  INDICATES RECORD WAS SET OR TIED.
MM INDICATES DATA IS MISSING.
T  INDICATES TRACE AMOUNT.




$$
--------------------------------------------------------------

AMOUNT OF DAYLIGHT TODAY (HOUR:MIN)......... 15 HOURS 21 MINUTES
GAIN/LOSS SINCE YESTERDAY (HOUR:MIN:SEC).... +0:04:53

$$
