809
CDUS45 KVEF 270026
CLILAS


CLIMATE REPORT
NATIONAL WEATHER SERVICE LAS VEGAS, NV
526 PM PDT THU APR 26 2018


...................................

...THE LAS VEGAS NV CLIMATE SUMMARY FOR APRIL 26 2018...
VALID TODAY AS OF 0500 PM LOCAL TIME.

CLIMATE NORMAL PERIOD 1981 TO 2010
CLIMATE RECORD PERIOD 1937 TO 2018


WEATHER ITEM   OBSERVED TIME   RECORD YEAR NORMAL DEPARTURE LAST
                VALUE   (LST)  VALUE       VALUE  FROM      YEAR
                                                  NORMAL
..................................................................
TEMPERATURE (F)
 TODAY
  MAXIMUM         96    331 PM  97    1996  82     14       87
  MINIMUM         69    516 AM  42    1967  59     10       59
                                      1937
  AVERAGE         83                        70     13       73

PRECIPITATION (IN)
  TODAY            0.00          0.05 1963   0.01  -0.01     0.00
  MONTH TO DATE    0.00                      0.14  -0.14     0.04
  SINCE OCT 1      1.74                      3.01  -1.27     2.57
  SINCE JAN 1      1.74                      1.88  -0.14     1.51

SNOWFALL (IN)
  TODAY            0.0           0.0    MM   0.0    0.0      0.0
  MONTH TO DATE    0.0                       0.0    0.0      0.0
  SINCE MAR 1      0.0                       0.0    0.0      0.0
  SINCE JUL 1      0.0                       0.3   -0.3      0.0
  SNOW DEPTH       0

DEGREE DAYS
 HEATING
  TODAY            0                         1     -1        0
  MONTH TO DATE   11                        60    -49        9
  SINCE MAR 1    182                       249    -67       91
  SINCE JUL 1   1301                      1940   -639     1463

 COOLING
  TODAY           18                         7     11        8
  MONTH TO DATE  200                       100    100      144
  SINCE MAR 1    219                       130     89      252
  SINCE JAN 1    219                       131     88      255
..................................................................


WIND (MPH)
  RESULTANT WIND SPEED   1   RESULTANT WIND DIRECTION   E (70)
  HIGHEST WIND SPEED    12   HIGHEST WIND DIRECTION     N (20)
  HIGHEST GUST SPEED    16   HIGHEST GUST DIRECTION     N (20)
  AVERAGE WIND SPEED     3.9


SKY COVER
  POSSIBLE SUNSHINE  MM
  AVERAGE SKY COVER 0.4


WEATHER CONDITIONS
 THE FOLLOWING WEATHER WAS RECORDED TODAY.
  NO SIGNIFICANT WEATHER WAS OBSERVED.


RELATIVE HUMIDITY (PERCENT)
 HIGHEST    20           400 AM
 LOWEST      7           200 PM
 AVERAGE    14

..........................................................


THE LAS VEGAS NV CLIMATE NORMALS FOR TOMORROW
                         NORMAL    RECORD    YEAR
 MAXIMUM TEMPERATURE (F)   82        99      2000
 MINIMUM TEMPERATURE (F)   60        39      1984


SUNRISE AND SUNSET
APRIL 26 2018.........SUNRISE   554 AM PDT   SUNSET   724 PM PDT
APRIL 27 2018.........SUNRISE   552 AM PDT   SUNSET   725 PM PDT


-  INDICATES NEGATIVE NUMBERS.
R  INDICATES RECORD WAS SET OR TIED.
MM INDICATES DATA IS MISSING.
T  INDICATES TRACE AMOUNT.




$$
