000
CDUS43 KLMK 270628
CLILEX


CLIMATE REPORT
NATIONAL WEATHER SERVICE LOUISVILLE KY
228 AM EDT SUN MAY 27 2018


...................................

...THE LEXINGTON KY CLIMATE SUMMARY FOR MAY 26 2018...

CLIMATE NORMAL PERIOD 1981 TO 2010
CLIMATE RECORD PERIOD 1872 TO 2018


WEATHER ITEM   OBSERVED TIME   RECORD YEAR NORMAL DEPARTURE LAST
                VALUE   (LST)  VALUE       VALUE  FROM      YEAR
                                                  NORMAL
..................................................................
TEMPERATURE (F)
 YESTERDAY
  MAXIMUM         85    438 PM  94    1939  77      8       79
  MINIMUM         68    600 AM  38    1925  57     11       54
  AVERAGE         77                        67     10       67

PRECIPITATION (IN)
  YESTERDAY        T             1.58 1968   0.17  -0.17     0.00
  MONTH TO DATE    6.20                      4.37   1.83     5.23
  SINCE MAR 1     15.86                     12.04   3.82    10.35
  SINCE JAN 1     28.08                     18.44   9.64    18.45

SNOWFALL (IN)
  YESTERDAY        0.0          MM      MM   0.0    0.0      0.0
  MONTH TO DATE    0.0                       0.0    0.0      0.0
  SINCE MAR 1     13.6                       1.7   11.9       T
  SINCE JUL 1     21.2                      13.0    8.2      3.4
  SNOW DEPTH       0

DEGREE DAYS
 HEATING
  YESTERDAY        0                         2     -2        0
  MONTH TO DATE    6                       103    -97       99
  SINCE MAR 1   1104                      1021     83      761
  SINCE JUL 1   4416                      4592   -176     3471

 COOLING
  YESTERDAY       12                         4      8        2
  MONTH TO DATE  199                        61    138       89
  SINCE MAR 1    207                        83    124      160
  SINCE JAN 1    214                        83    131      164
..................................................................


WIND (MPH)
  HIGHEST WIND SPEED    15   HIGHEST WIND DIRECTION    SW (220)
  HIGHEST GUST SPEED    21   HIGHEST GUST DIRECTION    SW (230)
  AVERAGE WIND SPEED     6.8


SKY COVER
  POSSIBLE SUNSHINE  MM
  AVERAGE SKY COVER 0.2


WEATHER CONDITIONS
 THE FOLLOWING WEATHER WAS RECORDED YESTERDAY.
  THUNDERSTORM
  LIGHT RAIN


RELATIVE HUMIDITY (PERCENT)
 HIGHEST    87           600 AM
 LOWEST     55           300 PM
 AVERAGE    71

..........................................................


THE LEXINGTON KY CLIMATE NORMALS FOR TODAY
                         NORMAL    RECORD    YEAR
 MAXIMUM TEMPERATURE (F)   78        93      1911
 MINIMUM TEMPERATURE (F)   57        35      1961


SUNRISE AND SUNSET
MAY 27 2018...........SUNRISE   620 AM EDT   SUNSET   852 PM EDT
MAY 28 2018...........SUNRISE   619 AM EDT   SUNSET   853 PM EDT


-  INDICATES NEGATIVE NUMBERS.
R  INDICATES RECORD WAS SET OR TIED.
MM INDICATES DATA IS MISSING.
T  INDICATES TRACE AMOUNT.




$$
