000
CDUS46 KLOX 240116
CLILGB


CLIMATE REPORT
NATIONAL WEATHER SERVICE LOS ANGELES/OXNARD CA
615 PM PDT WED MAY 23 2018


...................................

...THE LONG BEACH AIRPORT CA CLIMATE SUMMARY FOR MAY 23 2018...
VALID TODAY AS OF 0600 PM LOCAL TIME.

CLIMATE NORMAL PERIOD 1981 TO 2010
CLIMATE RECORD PERIOD 1958 TO 2018


WEATHER ITEM   OBSERVED TIME   RECORD YEAR NORMAL DEPARTURE LAST
                VALUE   (LST)  VALUE       VALUE  FROM      YEAR
                                                  NORMAL
..................................................................
TEMPERATURE (F)
 TODAY
  MAXIMUM         70    337 PM  87    1967  74     -4       82
  MINIMUM         61    648 AM  46    1960  58      3       60
  AVERAGE         66                        66      0       71

PRECIPITATION (IN)
  TODAY            0.00          0.17 2008   0.00   0.00     0.00
  MONTH TO DATE    0.01                      0.17  -0.16     0.40
  SINCE OCT 1      3.53                     11.91  -8.38    19.98
  SINCE JAN 1      3.46                      8.33  -4.87    14.78

SNOWFALL (IN)
  TODAY            0.0
  MONTH TO DATE    0.0
  SINCE MAR 1      0.0
  SINCE JUL 1      0.0

DEGREE DAYS
 HEATING
  TODAY            0                         1     -1        0
  MONTH TO DATE   25                        32     -7       34
  SINCE MAR 1    188                       317   -129      133
  SINCE JUL 1    612                      1208   -596      911

 COOLING
  TODAY            1                         2     -1        6
  MONTH TO DATE   31                        46    -15       65
  SINCE MAR 1     78                        85     -7      155
  SINCE JAN 1    118                        93     25      156
..................................................................


WIND (MPH)
  HIGHEST WIND SPEED    13   HIGHEST WIND DIRECTION     W (290)
  HIGHEST GUST SPEED    15   HIGHEST GUST DIRECTION    NW (300)
  AVERAGE WIND SPEED     4.5


SKY COVER
  POSSIBLE SUNSHINE  MM
  AVERAGE SKY COVER 0.9


WEATHER CONDITIONS
 THE FOLLOWING WEATHER WAS RECORDED TODAY.
  NO SIGNIFICANT WEATHER WAS OBSERVED.


RELATIVE HUMIDITY (PERCENT)
 HIGHEST    78           200 AM
 LOWEST     57           400 PM
 AVERAGE    68

..........................................................


THE LONG BEACH AIRPORT CA CLIMATE NORMALS FOR TOMORROW
                         NORMAL    RECORD    YEAR
 MAXIMUM TEMPERATURE (F)   74        81      2006
                                             1986
 MINIMUM TEMPERATURE (F)   59        49      1960


SUNRISE AND SUNSET
MAY 23 2018...........SUNRISE   547 AM PDT   SUNSET   753 PM PDT
MAY 24 2018...........SUNRISE   546 AM PDT   SUNSET   753 PM PDT


-  INDICATES NEGATIVE NUMBERS.
R  INDICATES RECORD WAS SET OR TIED.
MM INDICATES DATA IS MISSING.
T  INDICATES TRACE AMOUNT.




$$
