000
CDHW41 PHFO 221245
CLILIH


CLIMATE REPORT
NATIONAL WEATHER SERVICE HONOLULU HI
245 AM HST SUN APR 22 2018


...................................

...THE LIHUE HI CLIMATE SUMMARY FOR APRIL 21 2018...

CLIMATE NORMAL PERIOD 1981 TO 2010
CLIMATE RECORD PERIOD 1946 TO 2018


WEATHER ITEM   OBSERVED TIME   RECORD YEAR NORMAL DEPARTURE LAST
                VALUE   (LST)  VALUE       VALUE  FROM      YEAR
                                                  NORMAL
..................................................................
TEMPERATURE (F)
 YESTERDAY
  MAXIMUM         80    322 PM  85    1981  79      1       78
  MINIMUM         73    659 AM  57    1958  69      4       70
  AVERAGE         77                        74      3       74

PRECIPITATION (IN)
  YESTERDAY        T             1.27 1987   0.06  -0.06     0.10
  MONTH TO DATE    5.42                      1.70   3.72     1.05
  SINCE MAR 1     14.45                      6.31   8.14     5.16
  SINCE JAN 1     23.48                     13.22  10.26    11.64

SNOWFALL (IN)
  YESTERDAY        0.0
  MONTH TO DATE    0.0
  SINCE MAR 1      0.0
  SINCE JUL 1      0.0
  SNOW DEPTH      MM

DEGREE DAYS
 HEATING
  YESTERDAY        0                         0      0        0
  MONTH TO DATE    0                         0      0        0
  SINCE MAR 1      0                         0      0        0
  SINCE JUL 1      0                         0      0        0

 COOLING
  YESTERDAY       12                         9      3        9
  MONTH TO DATE  205                       188     17      242
  SINCE MAR 1    453                       427     26      522
  SINCE JAN 1    904                       822     82      963
..................................................................


WIND (MPH)
  HIGHEST WIND SPEED    21   HIGHEST WIND DIRECTION    NE (40)
  HIGHEST GUST SPEED    25   HIGHEST GUST DIRECTION    NE (50)
  AVERAGE WIND SPEED    15.6


SKY COVER
  POSSIBLE SUNSHINE  MM
  AVERAGE SKY COVER  MM


WEATHER CONDITIONS
 THE FOLLOWING WEATHER WAS RECORDED YESTERDAY.
  NO SIGNIFICANT WEATHER WAS OBSERVED.


RELATIVE HUMIDITY (PERCENT)
 HIGHEST    MM
 LOWEST     MM
 AVERAGE    MM

..........................................................


THE LIHUE HI CLIMATE NORMALS FOR TODAY
                         NORMAL    RECORD    YEAR
 MAXIMUM TEMPERATURE (F)   79        85      2016
                                             1981
 MINIMUM TEMPERATURE (F)   69        56      1958


SUNRISE AND SUNSET
APRIL 22 2018.........SUNRISE   612 AM HST   SUNSET   700 PM HST
APRIL 23 2018.........SUNRISE   611 AM HST   SUNSET   700 PM HST


-  INDICATES NEGATIVE NUMBERS.
R  INDICATES RECORD WAS SET OR TIED.
MM INDICATES DATA IS MISSING.
T  INDICATES TRACE AMOUNT.




$$
