000
CDUS46 KMFR 250836
CLILMT


CLIMATE REPORT
NATIONAL WEATHER SERVICE MEDFORD, OR
136 AM PDT WED APR 25 2018


...................................

...THE KLAMATH FALLS OR CLIMATE SUMMARY FOR APRIL 24 2018...

CLIMATE NORMAL PERIOD 1981 TO 2010
CLIMATE RECORD PERIOD 1928 TO 2018


WEATHER ITEM   OBSERVED TIME   RECORD YEAR NORMAL DEPARTURE LAST
                VALUE   (LST)  VALUE       VALUE  FROM      YEAR
                                                  NORMAL
..................................................................
TEMPERATURE (F)
 YESTERDAY
  MAXIMUM         73    406 PM  78    1977  59     14       53
  MINIMUM         36    529 AM  17    1968  32      4       33
  AVERAGE         55                        45     10       43

PRECIPITATION (IN)
  YESTERDAY        0.00          0.48 2003   0.06  -0.06     0.05
  MONTH TO DATE    1.24                      1.01   0.23     0.62
  SINCE OCT 1      5.92                     10.74  -4.82    10.46
  SINCE JAN 1      3.67                      6.05  -2.38     5.71

SNOWFALL (IN)
  YESTERDAY       MM                        MM     MM       MM
  MONTH TO DATE   MM                        MM     MM       MM
  SINCE JUL 1     MM                        MM     MM       MM
  SNOW DEPTH      MM

DEGREE DAYS
 HEATING
  YESTERDAY       10                        20    -10       22
  MONTH TO DATE  514                       545    -31      539
  SINCE MAR 1   1371                      1366      5     1246
  SINCE JUL 1   5800                      6207   -407     6084

 COOLING
  YESTERDAY        0                         0      0        0
  MONTH TO DATE    0                         0      0        0
  SINCE MAR 1      0                         0      0        0
  SINCE JAN 1      0                         0      0        0
..................................................................


WIND (MPH)
  HIGHEST WIND SPEED    15   HIGHEST WIND DIRECTION     S (160)
  HIGHEST GUST SPEED    20   HIGHEST GUST DIRECTION     S (160)
  AVERAGE WIND SPEED     6.8


SKY COVER
  POSSIBLE SUNSHINE  MM
  AVERAGE SKY COVER 0.1


WEATHER CONDITIONS
 THE FOLLOWING WEATHER WAS RECORDED YESTERDAY.
  NO SIGNIFICANT WEATHER WAS OBSERVED.


RELATIVE HUMIDITY (PERCENT)
 HIGHEST    70           600 AM
 LOWEST     16           200 PM

..........................................................


THE KLAMATH FALLS OR CLIMATE NORMALS FOR TODAY
                         NORMAL    RECORD    YEAR
 MAXIMUM TEMPERATURE (F)   59        77      2001
 MINIMUM TEMPERATURE (F)   32        21      1998


SUNRISE AND SUNSET
APRIL 25 2018.........SUNRISE   611 AM PDT   SUNSET   800 PM PDT
APRIL 26 2018.........SUNRISE   609 AM PDT   SUNSET   801 PM PDT


-  INDICATES NEGATIVE NUMBERS.
R  INDICATES RECORD WAS SET OR TIED.
MM INDICATES DATA IS MISSING.
T  INDICATES TRACE AMOUNT.




$$
