000
CDUS43 KOAX 210623
CLILNK


CLIMATE REPORT
NATIONAL WEATHER SERVICE OMAHA NEBRASKA
123 AM CDT SAT APR 21 2018


...................................

...THE LINCOLN, NEBRASKA CLIMATE SUMMARY FOR APRIL 20 2018...

CLIMATE NORMAL PERIOD 1981 TO 2010
CLIMATE RECORD PERIOD 1887 TO 2018


WEATHER ITEM   OBSERVED TIME   RECORD YEAR NORMAL DEPARTURE LAST
                VALUE   (LST)  VALUE       VALUE  FROM      YEAR
                                                  NORMAL
..................................................................
TEMPERATURE (F)
 YESTERDAY
  MAXIMUM         63    251 PM  95    1902  66     -3       67
  MINIMUM         31    217 AM  20    2013  41    -10       45
  AVERAGE         47                        53     -6       56

PRECIPITATION (IN)
  YESTERDAY        0.00          1.93 1912   0.10  -0.10     0.01
  MONTH TO DATE    0.10                      1.60  -1.50     1.62
  SINCE MAR 1      2.81                      3.53  -0.72     3.24
  SINCE JAN 1      3.96                      4.94  -0.98     4.89

SNOWFALL (IN)
  YESTERDAY        0.0                       0.1   -0.1      0.0
  MONTH TO DATE    3.0                       1.2    1.8      0.0
  SINCE JUL 1     21.4                      25.7   -4.3      7.5
  SNOW DEPTH       0

DEGREE DAYS
 HEATING
  YESTERDAY       18                        12      6        9
  MONTH TO DATE  516                       311    205      183
  SINCE MAR 1   1252                      1084    168      837
  SINCE JUL 1   5851                      5787     64     4720

 COOLING
  YESTERDAY        0                         1     -1        0
  MONTH TO DATE    0                         3     -3       12
  SINCE MAR 1      0                         4     -4       13
  SINCE JAN 1      0                         4     -4       13
..................................................................


WIND (MPH)
  HIGHEST WIND SPEED    21   HIGHEST WIND DIRECTION    SE (130)
  HIGHEST GUST SPEED    28   HIGHEST GUST DIRECTION    SE (120)
  AVERAGE WIND SPEED     8.1


SKY COVER
  POSSIBLE SUNSHINE  MM
  AVERAGE SKY COVER 0.1


WEATHER CONDITIONS
 THE FOLLOWING WEATHER WAS RECORDED YESTERDAY.
  NO SIGNIFICANT WEATHER WAS OBSERVED.


RELATIVE HUMIDITY (PERCENT)
 HIGHEST    78           200 AM
 LOWEST     25           300 PM
 AVERAGE    52

..........................................................


THE LINCOLN, NEBRASKA CLIMATE NORMALS FOR TODAY
                         NORMAL    RECORD    YEAR
 MAXIMUM TEMPERATURE (F)   66        92      1989
 MINIMUM TEMPERATURE (F)   41        24      1978


SUNRISE AND SUNSET
APRIL 21 2018.........SUNRISE   639 AM CDT   SUNSET   813 PM CDT
APRIL 22 2018.........SUNRISE   638 AM CDT   SUNSET   814 PM CDT


-  INDICATES NEGATIVE NUMBERS.
R  INDICATES RECORD WAS SET OR TIED.
MM INDICATES DATA IS MISSING.
T  INDICATES TRACE AMOUNT.




$$
