696
CDUS43 KJKL 212023
CLILOZ

CLIMATE REPORT
NATIONAL WEATHER SERVICE JACKSON KY
423 PM EDT SAT APR 21 2018

...................................

...THE LONDON KY CLIMATE SUMMARY FOR APRIL 21 2018...
VALID TODAY AS OF 0400 PM LOCAL TIME.

CLIMATE NORMAL PERIOD 1981 TO 2010
CLIMATE RECORD PERIOD 1954 TO 2018

WEATHER ITEM   OBSERVED TIME   RECORD YEAR NORMAL DEPARTURE LAST
                VALUE   (LST)  VALUE       VALUE  FROM      YEAR
                                                  NORMAL
..................................................................
TEMPERATURE (F)
 TODAY
  MAXIMUM         71    156 PM  87    1963  70      1       77
  MINIMUM         36    632 AM  25    1983  46    -10       58
  AVERAGE         54                        58     -4       68

PRECIPITATION (IN)
  TODAY            0.00          1.21 2017   0.14  -0.14     1.21
  MONTH TO DATE    3.75                      2.76   0.99     3.12
  SINCE MAR 1      8.45                      6.81   1.64     8.15
  SINCE JAN 1     18.89                     14.06   4.83    13.47

SNOWFALL (IN)
  TODAY           MM
  MONTH TO DATE   MM
  SINCE MAR 1     MM
  SINCE JUL 1     MM
  SNOW DEPTH      MM

DEGREE DAYS
 HEATING
  TODAY           11                         8      3        0
  MONTH TO DATE  325                       218    107       90
  SINCE MAR 1    937                       767    170      603

 COOLING
  TODAY            0                         1     -1        3
  MONTH TO DATE    5                        13     -8       28
  SINCE MAR 1      5                        16    -11       31
  SINCE JAN 1     13                        16     -3       31
..................................................................

WIND (MPH)
  HIGHEST WIND SPEED     9   HIGHEST WIND DIRECTION     E (80)
  HIGHEST GUST SPEED    15   HIGHEST GUST DIRECTION     E (70)
  AVERAGE WIND SPEED     3.9

SKY COVER
  POSSIBLE SUNSHINE  MM
  AVERAGE SKY COVER 0.0

WEATHER CONDITIONS
 THE FOLLOWING WEATHER WAS RECORDED TODAY.
  NO SIGNIFICANT WEATHER WAS OBSERVED.

RELATIVE HUMIDITY (PERCENT)
 HIGHEST    76           700 AM
 LOWEST     22           300 PM
 AVERAGE    49

..........................................................

THE LONDON KY CLIMATE NORMALS FOR TOMORROW
                         NORMAL    RECORD    YEAR
 MAXIMUM TEMPERATURE (F)   71        87      1963
 MINIMUM TEMPERATURE (F)   47        31      1986

SUNRISE AND SUNSET
APRIL 21 2018.........SUNRISE   654 AM EDT   SUNSET   817 PM EDT
APRIL 22 2018.........SUNRISE   653 AM EDT   SUNSET   817 PM EDT

-  INDICATES NEGATIVE NUMBERS.
R  INDICATES RECORD WAS SET OR TIED.
MM INDICATES DATA IS MISSING.
T  INDICATES TRACE AMOUNT.

$$

CARICO
