000
CDUS45 KBYZ 202230
CLILVM


CLIMATE REPORT
NATIONAL WEATHER SERVICE BILLINGS MT
428 PM MDT FRI APR 20 2018


...................................

...THE LIVINGSTON MT CLIMATE SUMMARY FOR APRIL 20 2018...
VALID TODAY AS OF 0400 PM LOCAL TIME.

CLIMATE NORMAL PERIOD 1981 TO 2010
CLIMATE RECORD PERIOD 1948 TO 2018


WEATHER ITEM   OBSERVED TIME   RECORD YEAR NORMAL DEPARTURE LAST
                VALUE   (LST)  VALUE       VALUE  FROM      YEAR
                                                  NORMAL
..................................................................
TEMPERATURE (F)
 TODAY
  MAXIMUM         65    304 PM  82    1980  56      9       61
  MINIMUM         MM        MM  11    2008  30     MM       24
  AVERAGE         MM                        43     MM       43

PRECIPITATION (IN)
  TODAY            0.00          0.40 1999   0.06  -0.06     0.03
  MONTH TO DATE    1.55                      1.08   0.47     0.75
  SINCE OCT 1      6.83                      5.28   1.55     7.21
  SINCE JAN 1      3.79                      2.91   0.88     3.28

DEGREE DAYS
 HEATING
  TODAY           MM                        22     MM       22
  MONTH TO DATE  566                       485     81      413
  SINCE MAR 1   1473                      1396     77     1132
  SINCE JUL 1   6793                      6744     49     6358

 COOLING
  TODAY           MM                         0     MM        0
  MONTH TO DATE    0                         0      0        0
  SINCE MAR 1      0                         0      0        0
  SINCE JAN 1      0                         0      0        0
..................................................................


WIND (MPH)
  HIGHEST WIND SPEED    12   HIGHEST WIND DIRECTION    NE (50)
  HIGHEST GUST SPEED    16   HIGHEST GUST DIRECTION    NE (30)
  AVERAGE WIND SPEED     4.4


SKY COVER
  POSSIBLE SUNSHINE  MM
  AVERAGE SKY COVER 0.1


WEATHER CONDITIONS
 THE FOLLOWING WEATHER WAS RECORDED TODAY.
  NO SIGNIFICANT WEATHER WAS OBSERVED.


RELATIVE HUMIDITY (PERCENT)
 HIGHEST    92           400 AM
 LOWEST     28           300 PM
 AVERAGE    60

..........................................................


THE LIVINGSTON MT CLIMATE NORMALS FOR TOMORROW
                         NORMAL    RECORD    YEAR
 MAXIMUM TEMPERATURE (F)   57        79      1989
 MINIMUM TEMPERATURE (F)   30        10      2008


SUNRISE AND SUNSET
APRIL 20 2018.........SUNRISE   627 AM MDT   SUNSET   815 PM MDT
APRIL 21 2018.........SUNRISE   625 AM MDT   SUNSET   816 PM MDT


-  INDICATES NEGATIVE NUMBERS.
R  INDICATES RECORD WAS SET OR TIED.
MM INDICATES DATA IS MISSING.
T  INDICATES TRACE AMOUNT.




$$
