000
CDUS43 KILX 210629
CLILWV


CLIMATE REPORT
NATIONAL WEATHER SERVICE LINCOLN IL
128 AM CDT MON MAY 21 2018


...................................

...THE LAWRENCEVILLE IL AIRPORT CLIMATE SUMMARY FOR MAY 20 2018...

CLIMATE NORMAL PERIOD 1981 TO 2010
CLIMATE RECORD PERIOD 9999 TO 9999


WEATHER ITEM   OBSERVED TIME   RECORD YEAR NORMAL DEPARTURE LAST
                VALUE   (LST)  VALUE       VALUE  FROM      YEAR
                                                  NORMAL
..................................................................
TEMPERATURE (F)
 YESTERDAY
  MAXIMUM         88    305 PM  MM      MM  78     10       84
  MINIMUM         63    500 AM  MM      MM  57      6       64
  AVERAGE         76                        67      9       74

PRECIPITATION (IN)
  YESTERDAY        0.01         MM      MM   0.18  -0.17     0.34
  MONTH TO DATE    0.84                      4.01  -3.17     4.82
  SINCE MAR 1      8.64                     11.60  -2.96    12.58
  SINCE JAN 1     16.73                     15.99   0.74    16.73

DEGREE DAYS
 HEATING
  YESTERDAY        0                         2     -2        0
  MONTH TO DATE    0                        67    -67       87
  SINCE MAR 1   1139                       983    156      821
  SINCE JUL 1   4753                      4658     95     3876

 COOLING
  YESTERDAY       11                         4      7        9
  MONTH TO DATE  163                        54    109       82
  SINCE MAR 1    165                        80     85      129
  SINCE JAN 1    166                        80     86      129
..................................................................


WIND (MPH)
  HIGHEST WIND SPEED    20   HIGHEST WIND DIRECTION     W (280)
  HIGHEST GUST SPEED    25   HIGHEST GUST DIRECTION     W (290)
  AVERAGE WIND SPEED     4.7


SKY COVER
  POSSIBLE SUNSHINE  MM
  AVERAGE SKY COVER 0.2


WEATHER CONDITIONS
 THE FOLLOWING WEATHER WAS RECORDED YESTERDAY.
  THUNDERSTORM
  LIGHT RAIN


RELATIVE HUMIDITY (PERCENT)
 HIGHEST   100           500 AM
 LOWEST     48           100 PM
 AVERAGE    74

..........................................................


THE LAWRENCEVILLE IL AIRPORT CLIMATE NORMALS FOR TODAY
                         NORMAL    RECORD    YEAR
 MAXIMUM TEMPERATURE (F)   78        MM        MM
 MINIMUM TEMPERATURE (F)   57        MM        MM


SUNRISE AND SUNSET
MAY 21 2018...........SUNRISE   533 AM CDT   SUNSET   801 PM CDT
MAY 22 2018...........SUNRISE   533 AM CDT   SUNSET   802 PM CDT


-  INDICATES NEGATIVE NUMBERS.
R  INDICATES RECORD WAS SET OR TIED.
MM INDICATES DATA IS MISSING.
T  INDICATES TRACE AMOUNT.




$$
