000
CDUS41 KRNK 231003
CLILYH


CLIMATE REPORT
NATIONAL WEATHER SERVICE BLACKSBURG VA
601 AM EDT MON APR 23 2018


...................................

...THE LYNCHBURG VA CLIMATE SUMMARY FOR APRIL 22 2018...

CLIMATE NORMAL PERIOD 1981 TO 2010
CLIMATE RECORD PERIOD 1893 TO 2018


WEATHER ITEM   OBSERVED TIME   RECORD YEAR NORMAL DEPARTURE LAST
                VALUE   (LST)  VALUE       VALUE  FROM      YEAR
                                                  NORMAL
..................................................................
TEMPERATURE (F)
 YESTERDAY
  MAXIMUM         69    436 PM  92    1985  70     -1       67
  MINIMUM         43    124 AM  28    1934  44     -1       49
  AVERAGE         56                        57     -1       58

PRECIPITATION (IN)
  YESTERDAY        0.00          1.20 2006   0.11  -0.11     0.86
  MONTH TO DATE    1.84                      2.44  -0.60     2.05
  SINCE MAR 1      4.91                      6.02  -1.11     4.71
  SINCE JAN 1     13.57                     12.09   1.48     9.09

SNOWFALL (IN)
  YESTERDAY        0.0                                       0.0
  MONTH TO DATE    0.5                                       0.0
  SINCE MAR 1      8.2                                        T
  SINCE JUL 1     13.9                                       5.9
  SNOW DEPTH       0

DEGREE DAYS
 HEATING
  YESTERDAY        9                         8      1        7
  MONTH TO DATE  293                       244     49      119
  SINCE MAR 1   1015                       839    176      658
  SINCE JUL 1   4243                      4263    -20     3367

 COOLING
  YESTERDAY        0                         1     -1        0
  MONTH TO DATE   11                        10      1       26
  SINCE MAR 1     11                        12     -1       26
  SINCE JAN 1     11                        12     -1       27
..................................................................


WIND (MPH)
  HIGHEST WIND SPEED    15   HIGHEST WIND DIRECTION     S (180)
  HIGHEST GUST SPEED    18   HIGHEST GUST DIRECTION     S (180)
  AVERAGE WIND SPEED     4.5


SKY COVER
  AVERAGE SKY COVER 0.0


WEATHER CONDITIONS
 THE FOLLOWING WEATHER WAS RECORDED YESTERDAY.
  NO SIGNIFICANT WEATHER WAS OBSERVED.


RELATIVE HUMIDITY (PERCENT)
 HIGHEST    76           600 AM
 LOWEST     32           500 PM
 AVERAGE    54

..........................................................


THE LYNCHBURG VA CLIMATE NORMALS FOR TODAY
                         NORMAL    RECORD    YEAR
 MAXIMUM TEMPERATURE (F)   70        91      1980
                                             1960
 MINIMUM TEMPERATURE (F)   45        32      1936


SUNRISE AND SUNSET
APRIL 23 2018.........SUNRISE   632 AM EDT   SUNSET   759 PM EDT
APRIL 24 2018.........SUNRISE   630 AM EDT   SUNSET   800 PM EDT


-  INDICATES NEGATIVE NUMBERS.
R  INDICATES RECORD WAS SET OR TIED.
MM INDICATES DATA IS MISSING.
T  INDICATES TRACE AMOUNT.




$$
