000
CDAK49 PAFG 200942
CLIMCG

CLIMATE REPORT
NATIONAL WEATHER SERVICE FAIRBANKS AK
142 AM AKDT SUN MAY 20 2018


...................................

...THE MCGRATH AK CLIMATE SUMMARY FOR MAY 19 2018...

CLIMATE NORMAL PERIOD 1981 TO 2010
CLIMATE RECORD PERIOD 1946 TO 2018


WEATHER ITEM   OBSERVED TIME   RECORD YEAR NORMAL DEPARTURE LAST
                VALUE   (LST)  VALUE       VALUE  FROM      YEAR
                                                  NORMAL
..................................................................
TEMPERATURE (F)
 YESTERDAY
  MAXIMUM         61   1248 PM  79    2002  59      2       58
  MINIMUM         42   1159 PM  19    2013  37      5       37
  AVERAGE         52                        48      4       48

PRECIPITATION (IN)
  YESTERDAY       MM             0.26 1944   0.04  MM         T
  MONTH TO DATE    0.15                      0.62  -0.47     0.13
  SINCE MAR 1      2.75                      2.17   0.58     0.51
  SINCE JAN 1      4.43                      4.20   0.23     1.71

SNOWFALL (IN)
  YESTERDAY       MM             T    1985   0.0   MM        0.0
                                      1964
  MONTH TO DATE    T                         0.8   -0.8      0.0
  SINCE MAR 1     21.0                      17.2    3.8      2.6
  SINCE JUL 1     83.5                      97.2  -13.7     51.3
  SNOW DEPTH       0

DEGREE DAYS
 HEATING
  YESTERDAY       13                        17     -4       17
  MONTH TO DATE  396                       392      4      286
  SINCE MAR 1   2791                      3106   -315     3059
  SINCE JUL 1  11293                     13338  -2045    12817

 COOLING
  YESTERDAY        0                         0      0        0
  MONTH TO DATE    0                         0      0        0
  SINCE MAR 1      0                         0      0        0
  SINCE JAN 1      0                         0      0        0
..................................................................


WIND (MPH)
  HIGHEST GUST SPEED    27   HIGHEST GUST DIRECTION    SW (230)


SKY COVER
  AVERAGE SKY COVER 0.6


WEATHER CONDITIONS
 THE FOLLOWING WEATHER WAS RECORDED YESTERDAY.
  LIGHT RAIN
  FOG


RELATIVE HUMIDITY (PERCENT)
 HIGHEST   100
 LOWEST     43
 AVERAGE    72

..........................................................


THE MCGRATH AK CLIMATE NORMALS FOR TODAY
                         NORMAL    RECORD    YEAR
 MAXIMUM TEMPERATURE (F)   59        81      2002
 MINIMUM TEMPERATURE (F)   38        27      2013
                                             1977


SUNRISE AND SUNSET
MAY 20 2018...........SUNRISE   506 AM AKDT  SUNSET  1135 PM AKDT
MAY 21 2018...........SUNRISE   503 AM AKDT  SUNSET  1138 PM AKDT

-  INDICATES NEGATIVE NUMBERS.
R  INDICATES RECORD WAS SET OR TIED.
MM INDICATES DATA IS MISSING.
T  INDICATES TRACE AMOUNT.

&&

SNOW DEPTH IS MEASURED AT 3AM AKST/4AM AKDT.

----------------------------
AVAILABLE DAYLIGHT

AMOUNT OF DAYLIGHT TODAY  (HOUR:MIN)........18:30
GAIN/LOSS SINCE YESTERDAY (HOUR:MIN:SEC)....+0:05:34

$$
THR MAY 18
