694
CDUS44 KMEG 250649
CLIMEG


CLIMATE REPORT
NATIONAL WEATHER SERVICE MEMPHIS TN
149 AM CDT WED APR 25 2018


...................................

...THE MEMPHIS/GERMANTOWN WFO CLIMATE SUMMARY FOR APRIL 24 2018...

CLIMATE NORMAL PERIOD 1981 TO 2010
CLIMATE RECORD PERIOD 1988 TO 2018


WEATHER ITEM   OBSERVED TIME   RECORD YEAR NORMAL DEPARTURE LAST
                VALUE   (LST)  VALUE       VALUE  FROM      YEAR
                                                  NORMAL
..................................................................
TEMPERATURE (F)
 YESTERDAY
  MAXIMUM         67    520 PM  88    2006  75     -8       75
  MINIMUM         52   1159 PM  39    2005  52      0       47
  AVERAGE         60                        63     -3       61

PRECIPITATION (IN)
  YESTERDAY        0.00          2.97 2010   0.19  -0.19     0.00
  MONTH TO DATE    6.36                      4.21   2.15     2.99
  SINCE MAR 1     11.74                      9.16   2.58     7.72
  SINCE JAN 1     30.56                     17.79  12.77    12.93

SNOWFALL (IN)
  YESTERDAY        0.0          MM      MM                   0.0
  MONTH TO DATE    0.0                                       0.0
  SINCE MAR 1      0.0                                       0.4
  SINCE JUL 1      3.8                                       1.4
  SNOW DEPTH       0

DEGREE DAYS
 HEATING
  YESTERDAY        5                         4      1        4
  MONTH TO DATE  266                       169     97       58
  SINCE MAR 1    628                       605     23      365
  SINCE JUL 1   3182                      3351   -169     2206

 COOLING
  YESTERDAY        0                         2     -2        0
  MONTH TO DATE   14                        38    -24       82
  SINCE MAR 1     16                        49    -33      115
  SINCE JAN 1     29                        50    -21      129
..................................................................







THE MEMPHIS/GERMANTOWN WFO CLIMATE NORMALS FOR TODAY
                         NORMAL    RECORD    YEAR
 MAXIMUM TEMPERATURE (F)   75        87      1990
 MINIMUM TEMPERATURE (F)   52        36      2013


SUNRISE AND SUNSET
APRIL 25 2018.........SUNRISE   615 AM CDT   SUNSET   740 PM CDT
APRIL 26 2018.........SUNRISE   614 AM CDT   SUNSET   741 PM CDT


-  INDICATES NEGATIVE NUMBERS.
R  INDICATES RECORD WAS SET OR TIED.
MM INDICATES DATA IS MISSING.
T  INDICATES TRACE AMOUNT.




$$
