000
CDUS44 KJAN 232137
CLIMEI


CLIMATE REPORT
NATIONAL WEATHER SERVICE JACKSON MS
427 PM CDT MON APR 23 2018


...................................

...THE MERIDIAN CLIMATE SUMMARY FOR APRIL 23 2018...
VALID TODAY AS OF 0400 PM LOCAL TIME.

CLIMATE NORMAL PERIOD 1981 TO 2010
CLIMATE RECORD PERIOD 1889 TO 2018


WEATHER ITEM   OBSERVED TIME   RECORD YEAR NORMAL DEPARTURE LAST
                VALUE   (LST)  VALUE       VALUE  FROM      YEAR
                                                  NORMAL
..................................................................
TEMPERATURE (F)
 TODAY
  MAXIMUM         68    143 PM  90    1960  78    -10       64
  MINIMUM         55    329 AM  33    1986  51      4       53
  AVERAGE         62                        65     -3       59

PRECIPITATION (IN)
  TODAY            0.00          1.91 1898   0.15  -0.15     0.03
  MONTH TO DATE    6.04                      3.75   2.29     6.72
  SINCE MAR 1     11.39                      9.17   2.22    12.49
  SINCE JAN 1     23.33                     19.90   3.43    22.06

SNOWFALL (IN)
  TODAY            0.0           0.0    MM   0.0    0.0      0.0
  MONTH TO DATE    0.0                       0.1   -0.1      0.0
  SINCE MAR 1      0.0                       0.3   -0.3      0.0
  SINCE JUL 1      5.3                       0.6    4.7      0.8

DEGREE DAYS
 HEATING
  TODAY            3                         3      0        6
  MONTH TO DATE  112                       114     -2       28
  SINCE MAR 1    343                       421    -78      218
  SINCE JUL 1   2096                      2518   -422     1346

 COOLING
  TODAY            0                         2     -2        0
  MONTH TO DATE   24                        37    -13      101
  SINCE MAR 1     68                        54     14      175
  SINCE JAN 1    142                        61     81      221
..................................................................


WIND (MPH)
  HIGHEST WIND SPEED    14   HIGHEST WIND DIRECTION     W (290)
  HIGHEST GUST SPEED    19   HIGHEST GUST DIRECTION     W (250)
  AVERAGE WIND SPEED     5.7


SKY COVER
  POSSIBLE SUNSHINE  MM
  AVERAGE SKY COVER 0.9


WEATHER CONDITIONS
 THE FOLLOWING WEATHER WAS RECORDED TODAY.
  FOG


RELATIVE HUMIDITY (PERCENT)
 HIGHEST    93           300 AM
 LOWEST     58           300 PM
 AVERAGE    76

..........................................................


THE MERIDIAN CLIMATE NORMALS FOR TOMORROW
                         NORMAL    RECORD    YEAR
 MAXIMUM TEMPERATURE (F)   78        91      1958
 MINIMUM TEMPERATURE (F)   52        37      2012
                                             1910
                                             1903


SUNRISE AND SUNSET
APRIL 23 2018.........SUNRISE   617 AM CDT   SUNSET   730 PM CDT
APRIL 24 2018.........SUNRISE   616 AM CDT   SUNSET   731 PM CDT


-  INDICATES NEGATIVE NUMBERS.
R  INDICATES RECORD WAS SET OR TIED.
MM INDICATES DATA IS MISSING.
T  INDICATES TRACE AMOUNT.




$$
