000
CDUS41 KCLE 210545
CLIMFD


CLIMATE REPORT
NATIONAL WEATHER SERVICE CLEVELAND OH
145 AM EDT SAT APR 21 2018


...................................

...THE MANSFIELD OH CLIMATE SUMMARY FOR APRIL 20 2018...

CLIMATE NORMAL PERIOD 1981 TO 2010
CLIMATE RECORD PERIOD 1916 TO 2018


WEATHER ITEM   OBSERVED TIME   RECORD YEAR NORMAL DEPARTURE LAST
                VALUE   (LST)  VALUE       VALUE  FROM      YEAR
                                                  NORMAL
..................................................................
TEMPERATURE (F)
 YESTERDAY
  MAXIMUM         53    329 PM  82    1987  61     -8       81
                                      1985
  MINIMUM         29    348 AM  24    1926  40    -11       55
  AVERAGE         41                        50     -9       68

PRECIPITATION (IN)
  YESTERDAY        0.00                      0.14  -0.14     0.06
  MONTH TO DATE    3.67                      2.80   0.87     2.53
  SINCE MAR 1      7.34                      6.19   1.15     6.29
  SINCE JAN 1     14.49                     11.45   3.04    14.15

SNOWFALL (IN)
  YESTERDAY        0.0                       0.1   -0.1      0.0
  MONTH TO DATE    5.2                       2.3    2.9      4.3
  SINCE MAR 1     16.3                      10.1    6.2     15.0
  SINCE JUL 1     46.3                      48.0   -1.7     36.6
  SNOW DEPTH       0

DEGREE DAYS
 HEATING
  YESTERDAY       24                        15      9        0
  MONTH TO DATE  477                       365    112      205
  SINCE MAR 1   1442                      1230    212     1027
  SINCE JUL 1   5762                      5855    -93     4697

 COOLING
  YESTERDAY        0                         0      0        3
  MONTH TO DATE    5                         0      5       14
  SINCE MAR 1      5                         1      4       14
  SINCE JAN 1      6                         1      5       14
..................................................................


WIND (MPH)
  HIGHEST WIND SPEED    16   HIGHEST WIND DIRECTION    NW (330)
  HIGHEST GUST SPEED    21   HIGHEST GUST DIRECTION    NW (330)
  AVERAGE WIND SPEED     6.0


SKY COVER
  POSSIBLE SUNSHINE  MM
  AVERAGE SKY COVER 0.0


WEATHER CONDITIONS
 THE FOLLOWING WEATHER WAS RECORDED YESTERDAY.
  NO SIGNIFICANT WEATHER WAS OBSERVED.


RELATIVE HUMIDITY (PERCENT)
 HIGHEST    85           100 AM
 LOWEST     28           300 PM
 AVERAGE    57

..........................................................


THE MANSFIELD OH CLIMATE NORMALS FOR TODAY
                         NORMAL    RECORD    YEAR
 MAXIMUM TEMPERATURE (F)   62        84      1985
 MINIMUM TEMPERATURE (F)   40        25      1981


SUNRISE AND SUNSET
APRIL 21 2018.........SUNRISE   642 AM EDT   SUNSET   816 PM EDT
APRIL 22 2018.........SUNRISE   641 AM EDT   SUNSET   817 PM EDT


-  INDICATES NEGATIVE NUMBERS.
R  INDICATES RECORD WAS SET OR TIED.
MM INDICATES DATA IS MISSING.
T  INDICATES TRACE AMOUNT.




$$
