848
CDUS43 KIND 230557
CLIMIE


CLIMATE REPORT
NATIONAL WEATHER SERVICE INDIANAPOLIS IN
156 AM EDT MON APR 23 2018


...................................

...THE MUNCIE IN CLIMATE SUMMARY FOR APRIL 22 2018...

CLIMATE NORMAL PERIOD 1981 TO 2010
CLIMATE RECORD PERIOD 9999 TO 9999


WEATHER ITEM   OBSERVED TIME   NORMAL DEPARTURE LAST
                VALUE   (LST)  VALUE  FROM      YEAR
                                      NORMAL
......................................................
TEMPERATURE (F)
 YESTERDAY
  MAXIMUM         66    349 PM  64      2       58
  MINIMUM         43    609 AM  43      0       40
  AVERAGE         55            54      1       49

PRECIPITATION (IN)
  YESTERDAY        0.00          0.13  -0.13     0.00
  MONTH TO DATE    3.58          2.70   0.88     1.98
  SINCE MAR 1      7.41          5.65   1.76     6.82
  SINCE JAN 1     12.80         10.19   2.61    12.53

DEGREE DAYS
 HEATING
  YESTERDAY       10            12     -2       16
  MONTH TO DATE  465           340    125      186
  SINCE MAR 1   1294          1127    167      872
  SINCE JUL 1   5244          5510   -266     4160

 COOLING
  YESTERDAY        0             1     -1        0
  MONTH TO DATE    9             5      4       22
  SINCE MAR 1      9             6      3       24
  SINCE JAN 1     13             6      7       24
......................................................


WIND (MPH)
  HIGHEST WIND SPEED    20   HIGHEST WIND DIRECTION     E (80)
  HIGHEST GUST SPEED    24   HIGHEST GUST DIRECTION     E (70)
  AVERAGE WIND SPEED    10.7


SKY COVER
  AVERAGE SKY COVER 0.1


WEATHER CONDITIONS
 THE FOLLOWING WEATHER WAS RECORDED YESTERDAY.
  NO SIGNIFICANT WEATHER WAS OBSERVED.


RELATIVE HUMIDITY (PERCENT)
 HIGHEST    53           100 AM
 LOWEST     26           100 PM
 AVERAGE    40

..........................................................


THE MUNCIE IN CLIMATE NORMALS FOR TODAY
                         NORMAL
 MAXIMUM TEMPERATURE (F)   65
 MINIMUM TEMPERATURE (F)   44


SUNRISE AND SUNSET
APRIL 23 2018.........SUNRISE   652 AM EDT   SUNSET   829 PM EDT
APRIL 24 2018.........SUNRISE   650 AM EDT   SUNSET   830 PM EDT


-  INDICATES NEGATIVE NUMBERS.
R  INDICATES RECORD WAS SET OR TIED.
MM INDICATES DATA IS MISSING.
T  INDICATES TRACE AMOUNT.




$$
