000
CDUS43 KMKX 210700
CLIMKE


CLIMATE REPORT
NATIONAL WEATHER SERVICE IN MILWAUKEE
200 AM CDT SAT APR 21 2018


...................................

...THE MILWAUKEE WI CLIMATE SUMMARY FOR APRIL 20 2018...

CLIMATE NORMAL PERIOD 1981 TO 2010
CLIMATE RECORD PERIOD 1871 TO 2018


WEATHER ITEM   OBSERVED TIME   RECORD YEAR NORMAL DEPARTURE LAST
                VALUE   (LST)  VALUE       VALUE  FROM      YEAR
                                                  NORMAL
..................................................................
TEMPERATURE (F)
 YESTERDAY
  MAXIMUM         53    246 PM  83    1985  56     -3       65
  MINIMUM         30    448 AM  25    1904  39     -9       42
  AVERAGE         42                        47     -5       54

PRECIPITATION (IN)
  YESTERDAY        0.00          1.63 1874   0.12  -0.12     0.59
  MONTH TO DATE    2.92                      2.42   0.50     3.87
  SINCE MAR 1      3.58                      4.69  -1.11     7.59
  SINCE JAN 1      8.40                      8.10   0.30    11.60

SNOWFALL (IN)
  YESTERDAY        0.0           3.5  1884   0.0    0.0      0.0
  MONTH TO DATE   10.0                       1.7    8.3      0.0
  SINCE MAR 1     14.0                       8.7    5.3     13.6
  SINCE JUL 1     46.7                      46.5    0.2     37.6
  SNOW DEPTH       1

DEGREE DAYS
 HEATING
  YESTERDAY       23                        18      5       11
  MONTH TO DATE  596                       427    169      278
  SINCE MAR 1   1520                      1356    164     1165
  SINCE JUL 1   6132                      6336   -204     5164

 COOLING
  YESTERDAY        0                         0      0        0
  MONTH TO DATE    0                         0      0        2
  SINCE MAR 1      0                         0      0        2
  SINCE JAN 1      0                         0      0        2
..................................................................


WIND (MPH)
  HIGHEST WIND SPEED    13   HIGHEST WIND DIRECTION    SE (120)
  HIGHEST GUST SPEED    15   HIGHEST GUST DIRECTION    SE (120)
  AVERAGE WIND SPEED     4.2


SKY COVER
  POSSIBLE SUNSHINE  MM
  AVERAGE SKY COVER 0.4


WEATHER CONDITIONS
 THE FOLLOWING WEATHER WAS RECORDED YESTERDAY.
  NO SIGNIFICANT WEATHER WAS OBSERVED.


RELATIVE HUMIDITY (PERCENT)
 HIGHEST    69           500 AM
 LOWEST     31           600 PM
 AVERAGE    50

..........................................................


THE MILWAUKEE WI CLIMATE NORMALS FOR TODAY
                         NORMAL    RECORD    YEAR
 MAXIMUM TEMPERATURE (F)   56        84      1985
                                             1902
 MINIMUM TEMPERATURE (F)   39        25      1975


SUNRISE AND SUNSET
APRIL 21 2018.........SUNRISE   600 AM CDT   SUNSET   741 PM CDT
APRIL 22 2018.........SUNRISE   559 AM CDT   SUNSET   742 PM CDT


-  INDICATES NEGATIVE NUMBERS.
R  INDICATES RECORD WAS SET OR TIED.
MM INDICATES DATA IS MISSING.
T  INDICATES TRACE AMOUNT.




$$
