000
CDUS42 KMLB 200646
CLIMLB


CLIMATE REPORT
NATIONAL WEATHER SERVICE MELBOURNE FL
235 AM EDT SUN MAY 20 2018


...................................

...THE MELBOURNE CLIMATE SUMMARY FOR MAY 19 2018...

CLIMATE NORMAL PERIOD 1981 TO 2010
CLIMATE RECORD PERIOD 1939 TO 2018


WEATHER ITEM   OBSERVED TIME   RECORD YEAR NORMAL DEPARTURE LAST
                VALUE   (LST)  VALUE       VALUE  FROM      YEAR
                                                  NORMAL
..................................................................
TEMPERATURE (F)
 YESTERDAY
  MAXIMUM         82   1118 AM  95    1995  86     -4       88
  MINIMUM         71   1129 PM  59    1985  68      3       78
                                      1984
  AVERAGE         77                        77      0       83

PRECIPITATION (IN)
  YESTERDAY        0.40          3.36 2009   0.12   0.28      T
  MONTH TO DATE    5.14                      1.57   3.57     1.88
  SINCE MAR 1      8.62                      6.98   1.64     2.52
  SINCE JAN 1     11.79                     11.78   0.01     7.41

SNOWFALL (IN)
  YESTERDAY        0.0
  MONTH TO DATE    0.0
  SINCE JUL 1      0.0

DEGREE DAYS
 HEATING
  YESTERDAY        0                         0      0        0
  MONTH TO DATE    0                         0      0        0
  SINCE MAR 1     89                        87      2       42
  SINCE JUL 1    342                       576   -234      220

 COOLING
  YESTERDAY       12                        12      0       18
  MONTH TO DATE  235                       194     41      248
  SINCE MAR 1    641                       471    170      772
  SINCE JAN 1    974                       569    405      950
..................................................................


WIND (MPH)
  HIGHEST WIND SPEED    16   HIGHEST WIND DIRECTION    SE (150)
  HIGHEST GUST SPEED    21   HIGHEST GUST DIRECTION    SE (150)
  AVERAGE WIND SPEED     5.7


SKY COVER
  AVERAGE SKY COVER 0.6


WEATHER CONDITIONS
 THE FOLLOWING WEATHER WAS RECORDED YESTERDAY.
  HEAVY RAIN
  RAIN
  LIGHT RAIN
  FOG


RELATIVE HUMIDITY (PERCENT)
 HIGHEST    90           700 PM
 LOWEST     65          1000 AM
 AVERAGE    78

..........................................................


THE MELBOURNE CLIMATE NORMALS FOR TODAY
                         NORMAL    RECORD    YEAR
 MAXIMUM TEMPERATURE (F)   86        95      1980
 MINIMUM TEMPERATURE (F)   68        58      1979


SUNRISE AND SUNSET
MAY 20 2018...........SUNRISE   630 AM EDT   SUNSET   808 PM EDT
MAY 21 2018...........SUNRISE   630 AM EDT   SUNSET   809 PM EDT


-  INDICATES NEGATIVE NUMBERS.
R  INDICATES RECORD WAS SET OR TIED.
MM INDICATES DATA IS MISSING.
T  INDICATES TRACE AMOUNT.




$$
