000
CDUS43 KDVN 252121
CLIMLI


CLIMATE REPORT
NATIONAL WEATHER SERVICE QUAD CITIES IA IL
420 PM CDT WED APR 25 2018


...................................

...THE MOLINE IL CLIMATE SUMMARY FOR APRIL 25 2018...
VALID TODAY AS OF 0400 PM LOCAL TIME.

CLIMATE NORMAL PERIOD 1981 TO 2010
CLIMATE RECORD PERIOD 1872 TO 2018


WEATHER ITEM   OBSERVED TIME   RECORD YEAR NORMAL DEPARTURE LAST
                VALUE   (LST)  VALUE       VALUE  FROM      YEAR
                                                  NORMAL
..................................................................
TEMPERATURE (F)
 TODAY
  MAXIMUM         67    259 PM  93    1986  66      1       80
  MINIMUM         49    648 AM  22    1934  44      5       49
  AVERAGE         58                        55      3       65

PRECIPITATION (IN)
  TODAY            0.00          1.11 1939   0.12  -0.12      T
  MONTH TO DATE    0.95                      2.92  -1.97     3.20
  SINCE MAR 1      4.23                      5.78  -1.55     6.69
  SINCE JAN 1      8.06                      8.87  -0.81     9.10

SNOWFALL (IN)
  TODAY            0.0          MM      MM   0.0    0.0      0.0
  MONTH TO DATE    3.2                       0.9    2.3      0.0
  SINCE MAR 1     13.6                       4.9    8.7      5.9
  SINCE JUL 1     41.7                      31.6   10.1     22.4
  SNOW DEPTH       0

DEGREE DAYS
 HEATING
  TODAY            7                        11     -4        0
  MONTH TO DATE  591                       373    218      229
  SINCE MAR 1   1438                      1177    261      975
  SINCE JUL 1   6065                      5975     90     4778

 COOLING
  TODAY            0                         1     -1        0
  MONTH TO DATE    0                         9     -9       14
  SINCE MAR 1      0                        10    -10       14
  SINCE JAN 1      0                        10    -10       14
..................................................................


WIND (MPH)
  HIGHEST WIND SPEED    23   HIGHEST WIND DIRECTION    NE (50)
  HIGHEST GUST SPEED    29   HIGHEST GUST DIRECTION    NE (30)
  AVERAGE WIND SPEED    10.8


SKY COVER
  POSSIBLE SUNSHINE  MM
  AVERAGE SKY COVER 0.1


WEATHER CONDITIONS
 THE FOLLOWING WEATHER WAS RECORDED TODAY.
  NO SIGNIFICANT WEATHER WAS OBSERVED.


RELATIVE HUMIDITY (PERCENT)
 HIGHEST    77           300 AM
 LOWEST     24           300 PM
 AVERAGE    51

..........................................................


THE MOLINE IL CLIMATE NORMALS FOR TOMORROW
                         NORMAL    RECORD    YEAR
 MAXIMUM TEMPERATURE (F)   66        89      1986
 MINIMUM TEMPERATURE (F)   44        29      2006


SUNRISE AND SUNSET
APRIL 25 2018.........SUNRISE   607 AM CDT   SUNSET   753 PM CDT
APRIL 26 2018.........SUNRISE   606 AM CDT   SUNSET   754 PM CDT


-  INDICATES NEGATIVE NUMBERS.
R  INDICATES RECORD WAS SET OR TIED.
MM INDICATES DATA IS MISSING.
T  INDICATES TRACE AMOUNT.




$$
