000
CDUS44 KMOB 220645
CLIMOB


CLIMATE REPORT
NATIONAL WEATHER SERVICE MOBILE AL
145 AM CDT TUE MAY 22 2018


...................................

...THE MOBILE CLIMATE SUMMARY FOR MAY 21 2018...

CLIMATE NORMAL PERIOD 1981 TO 2010
CLIMATE RECORD PERIOD 1842 TO 2018


WEATHER ITEM   OBSERVED TIME   RECORD YEAR NORMAL DEPARTURE LAST
                VALUE   (LST)  VALUE       VALUE  FROM      YEAR
                                                  NORMAL
..................................................................
TEMPERATURE (F)
 YESTERDAY
  MAXIMUM         87    129 PM  95    1962  86      1       76
                                      1902
  MINIMUM         71    635 AM  50    1954  65      6       67
  AVERAGE         79                        75      4       72

PRECIPITATION (IN)
  YESTERDAY        0.00          1.46 1911   0.17  -0.17     0.08
  MONTH TO DATE    1.96                      3.41  -1.45     8.47
  SINCE MAR 1      8.74                     14.34  -5.60    17.37
  SINCE JAN 1     18.32                     25.11  -6.79    29.58

DEGREE DAYS
 COOLING
  YESTERDAY       14                        10      4        7
  MONTH TO DATE  241                       170     71      163
  SINCE MAR 1    355                       313     42      423
  SINCE JAN 1    462                       329    133      498
..................................................................


WIND (MPH)
  HIGHEST WIND SPEED    18   HIGHEST WIND DIRECTION    SW (230)
  HIGHEST GUST SPEED    23   HIGHEST GUST DIRECTION    SW (220)
  AVERAGE WIND SPEED     4.8


SKY COVER
  POSSIBLE SUNSHINE  MM
  AVERAGE SKY COVER 0.6


WEATHER CONDITIONS
 THE FOLLOWING WEATHER WAS RECORDED YESTERDAY.
  THUNDERSTORM


RELATIVE HUMIDITY (PERCENT)
 HIGHEST    93          1200 AM
 LOWEST     55           100 PM
 AVERAGE    74

..........................................................


THE MOBILE CLIMATE NORMALS FOR TODAY
                         NORMAL    RECORD    YEAR
 MAXIMUM TEMPERATURE (F)   86        96      1996
 MINIMUM TEMPERATURE (F)   65        48      1993


SUNRISE AND SUNSET
MAY 22 2018...........SUNRISE   554 AM CDT   SUNSET   745 PM CDT
MAY 23 2018...........SUNRISE   554 AM CDT   SUNSET   746 PM CDT


-  INDICATES NEGATIVE NUMBERS.
R  INDICATES RECORD WAS SET OR TIED.
MM INDICATES DATA IS MISSING.
T  INDICATES TRACE AMOUNT.




$$
