000
CDUS46 KSTO 220042
CLIMOD


CLIMATE REPORT
NATIONAL WEATHER SERVICE SACRAMENTO, CA
541 PM PDT MON MAY 21 2018


...................................

...THE MODESTO CA CLIMATE SUMMARY FOR MAY 21 2018...
VALID TODAY AS OF 0500 PM LOCAL TIME.

CLIMATE NORMAL PERIOD 1981 TO 2010
CLIMATE RECORD PERIOD 1931 TO 2018


WEATHER ITEM   OBSERVED TIME   RECORD YEAR NORMAL DEPARTURE LAST
                VALUE   (LST)  VALUE       VALUE  FROM      YEAR
                                                  NORMAL
..................................................................
TEMPERATURE (F)
 TODAY
  MAXIMUM         83    348 PM 102    1988  84     -1       98
  MINIMUM         52    547 AM  45    1974  56     -4       60
  AVERAGE         68

PRECIPITATION (IN)
  TODAY            0.00          0.87 2006   0.01  -0.01     0.00
  MONTH TO DATE    T                         0.47  -0.47     0.01
  SINCE OCT 1      8.00                     12.55  -4.55    16.79
  SINCE JAN 1      6.97                      8.47  -1.50    11.76

SNOWFALL (IN)
  TODAY            0.0          MM      MM
  MONTH TO DATE    0.0
  SINCE MAR 1      0.0
  SINCE JUL 1      0.0

DEGREE DAYS
 HEATING
  TODAY            0                         1     -1        0
  MONTH TO DATE    3                        28    -25       22
  SINCE MAR 1    412                       394     18      292
  SINCE JUL 1   1990                      2162   -172     1808

 COOLING
  TODAY            3                         6     -3       14
  MONTH TO DATE   71                        90    -19      124
  SINCE MAR 1     99                       134    -35      141
  SINCE JAN 1     99                       134    -35      141
..................................................................


WIND (MPH)
  RESULTANT WIND SPEED   2   RESULTANT WIND DIRECTION   N (350)
  HIGHEST WIND SPEED    12   HIGHEST WIND DIRECTION    SW (240)
  HIGHEST GUST SPEED    17   HIGHEST GUST DIRECTION    NW (330)


SKY COVER
  POSSIBLE SUNSHINE  MM
  AVERAGE SKY COVER 0.0


WEATHER CONDITIONS
 THE FOLLOWING WEATHER WAS RECORDED TODAY.
  NO SIGNIFICANT WEATHER WAS OBSERVED.


RELATIVE HUMIDITY (PERCENT)
 HIGHEST    83           600 AM
 LOWEST     34           300 PM
 AVERAGE    59

..........................................................


THE MODESTO CA CLIMATE NORMALS FOR TOMORROW
                         NORMAL    RECORD    YEAR
 MAXIMUM TEMPERATURE (F)   84       100      2017
                                             1967
 MINIMUM TEMPERATURE (F)   56        41      1960


SUNRISE AND SUNSET
MAY 21 2018...........SUNRISE   550 AM PDT   SUNSET   812 PM PDT
MAY 22 2018...........SUNRISE   549 AM PDT   SUNSET   812 PM PDT


-  INDICATES NEGATIVE NUMBERS.
R  INDICATES RECORD WAS SET OR TIED.
MM INDICATES DATA IS MISSING.
T  INDICATES TRACE AMOUNT.




$$
