000
CDUS43 KBIS 210032
CLIMOT


CLIMATE REPORT
NATIONAL WEATHER SERVICE BISMARCK ND
732 PM CDT FRI APR 20 2018


...................................

...THE MINOT ND CLIMATE SUMMARY FOR APRIL 20 2018...
VALID TODAY AS OF 0500 PM LOCAL TIME.

CLIMATE NORMAL PERIOD 1981 TO 2010
CLIMATE RECORD PERIOD 1897 TO 2018


WEATHER ITEM   OBSERVED TIME   RECORD YEAR NORMAL DEPARTURE LAST
                VALUE   (LST)  VALUE       VALUE  FROM      YEAR
                                                  NORMAL
..................................................................
TEMPERATURE (F)
 TODAY
  MAXIMUM         60    505 PM  90    1980  58      2       56
  MINIMUM         31    539 AM  13    2013  34     -3       34
  AVERAGE         46                        46      0       45

PRECIPITATION (IN)
  TODAY            0.00          2.00 1933   0.03  -0.03     0.05
  MONTH TO DATE    0.01                      0.64  -0.63     0.20
  SINCE MAR 1      0.64                      1.48  -0.84     0.51
  SINCE JAN 1      0.75                      2.39  -1.64     0.65

DEGREE DAYS
 HEATING
  TODAY           19                        19      0       20
  MONTH TO DATE  771                       480    291      381
  SINCE MAR 1   2008                      1619    389     1532
  SINCE JUL 1   8526                      8195    331     7468

 COOLING
  TODAY            0                         0      0        0
  MONTH TO DATE    0                         0      0        0
  SINCE MAR 1      0                         0      0        0
  SINCE JAN 1      0                         0      0        0
..................................................................


WIND (MPH)
  RESULTANT WIND SPEED   7   RESULTANT WIND DIRECTION  SE (140)
  HIGHEST WIND SPEED    22   HIGHEST WIND DIRECTION    SE (130)
  HIGHEST GUST SPEED    27   HIGHEST GUST DIRECTION    SE (130)
  AVERAGE WIND SPEED     7.6


SKY COVER
  POSSIBLE SUNSHINE  MM
  AVERAGE SKY COVER 0.0


WEATHER CONDITIONS
 THE FOLLOWING WEATHER WAS RECORDED TODAY.
  FOG


RELATIVE HUMIDITY (PERCENT)
 HIGHEST   100           300 AM
 LOWEST     36           400 PM
 AVERAGE    68

..........................................................


THE MINOT ND CLIMATE NORMALS FOR TOMORROW
                         NORMAL    RECORD    YEAR
 MAXIMUM TEMPERATURE (F)   58        98      1915
 MINIMUM TEMPERATURE (F)   34        11      1931


SUNRISE AND SUNSET
APRIL 20 2018.........SUNRISE   646 AM CDT   SUNSET   843 PM CDT
APRIL 21 2018.........SUNRISE   644 AM CDT   SUNSET   845 PM CDT


-  INDICATES NEGATIVE NUMBERS.
R  INDICATES RECORD WAS SET OR TIED.
MM INDICATES DATA IS MISSING.
T  INDICATES TRACE AMOUNT.




$$
