000
CDUS44 KHUN 262123
CLIMSL


CLIMATE REPORT
NATIONAL WEATHER SERVICE HUNTSVILLE AL
422 PM CDT THU APR 26 2018


...................................

...THE MUSCLE SHOALS CLIMATE SUMMARY FOR APRIL 26 2018...
VALID TODAY AS OF 0400 PM LOCAL TIME.

CLIMATE NORMAL PERIOD 1981 TO 2010
CLIMATE RECORD PERIOD 1893 TO 2018


WEATHER ITEM   OBSERVED TIME   RECORD YEAR NORMAL DEPARTURE LAST
                VALUE   (LST)  VALUE       VALUE  FROM      YEAR
                                                  NORMAL
..................................................................
TEMPERATURE (F)
 TODAY
  MAXIMUM         60   1044 AM  95    1925  76    -16       81
  MINIMUM         55    553 AM  30    1919  53      2       56
  AVERAGE         58                        64     -6       69

PRECIPITATION (IN)
  TODAY           MM             2.28 1920   0.15  MM        0.32
  MONTH TO DATE    6.27                      3.77   2.50     2.93
  SINCE MAR 1     10.84                      8.53   2.31     7.93
  SINCE JAN 1     25.18                     17.80   7.38    15.17

SNOWFALL (IN)
  TODAY            0.0
  MONTH TO DATE    0.0
  SINCE MAR 1      T
  SINCE JUL 1      0.6
  SNOW DEPTH       0

DEGREE DAYS
 HEATING
  TODAY            7                         3      4        0
  MONTH TO DATE  201                       150     51       58
  SINCE MAR 1    588                       528     60      378
  SINCE JUL 1   2936                      3063   -127     2058

 COOLING
  TODAY            0                         2     -2        4
  MONTH TO DATE   16                        40    -24       86
  SINCE MAR 1     25                        52    -27      111
  SINCE JAN 1     53                        53      0      119
..................................................................


WIND (MPH)
  HIGHEST WIND SPEED    20   HIGHEST WIND DIRECTION     E (90)
  HIGHEST GUST SPEED    26   HIGHEST GUST DIRECTION     E (80)
  AVERAGE WIND SPEED     7.7


SKY COVER
  POSSIBLE SUNSHINE  MM
  AVERAGE SKY COVER 0.9


WEATHER CONDITIONS
 THE FOLLOWING WEATHER WAS RECORDED TODAY.
  HEAVY RAIN
  RAIN
  LIGHT RAIN
  FOG


RELATIVE HUMIDITY (PERCENT)
 HIGHEST    93           600 AM
 LOWEST     80          1000 AM
 AVERAGE    87

..........................................................


THE MUSCLE SHOALS CLIMATE NORMALS FOR TOMORROW
                         NORMAL    RECORD    YEAR
 MAXIMUM TEMPERATURE (F)   76        94      1925
 MINIMUM TEMPERATURE (F)   53        30      1919


SUNRISE AND SUNSET
APRIL 26 2018.........SUNRISE   605 AM CDT   SUNSET   732 PM CDT
APRIL 27 2018.........SUNRISE   604 AM CDT   SUNSET   732 PM CDT


-  INDICATES NEGATIVE NUMBERS.
R  INDICATES RECORD WAS SET OR TIED.
MM INDICATES DATA IS MISSING.
T  INDICATES TRACE AMOUNT.




$$
